-- https://www.phpmyadmin.net/
--
-- Máy chủ: 127.0.0.1
-- Thời gian đã tạo: Th4 13, 2021 lúc 09:32 AM
-- Phiên bản máy phục vụ: 10.4.14-MariaDB
-- Phiên bản PHP: 7.4.10

START TRANSACTION;



--
-- Cơ sở dữ liệu: `tuebaedu_en`
--

-- --------------------------------------------------------

--
-- Cấu trúc bảng cho bảng `bangslide`
--

CREATE TABLE `bangslide` (
  `idslide` int(11) NOT NULL,
  `vitri` int(50) NOT NULL,
  `mota` int(11) NOT NULL,
  `urlhinh` varchar(255) NOT NULL,
  `lienket` varchar(255) NOT NULL,
  `solanclick` int(11) NOT NULL,
  `ghichu` int(11) NOT NULL
) ENGINE=InnoDB DEFAULT CHARSET=utf8;

--
-- Đang đổ dữ liệu cho bảng `bangslide`
--

INSERT INTO `bangslide` (`idslide`, `vitri`, `mota`, `urlhinh`, `lienket`, `solanclick`, `ghichu`) VALUES
(1, 1, 0, '1-1570573301.png', '', 0, 0),
(2, 2, 0, '2.jpg', '', 0, 0);

-- --------------------------------------------------------

--
-- Cấu trúc bảng cho bảng `bangtin`
--

CREATE TABLE `bangtin` (
  `idTin` int(11) NOT NULL,
  `TieuDe` varchar(255) NOT NULL DEFAULT '',
  `TieuDe_KhongDau` varchar(255) NOT NULL,
  `TomTat` varchar(1000) DEFAULT NULL,
  `urlHinh` varchar(255) DEFAULT NULL,
  `Ngay` date DEFAULT NULL,
  `idUser` int(11) NOT NULL DEFAULT 0,
  `Content` mediumtext DEFAULT NULL,
  `idTL` int(11) DEFAULT 1,
  `idTL2` int(20) DEFAULT 0,
  `SoLanXem` int(11) DEFAULT 0,
  `TinNoiBat` tinyint(1) DEFAULT 0,
  `AnHien` tinyint(1) DEFAULT 1,
  `thutu` tinyint(4) NOT NULL
) ENGINE=MyISAM DEFAULT CHARSET=utf8;

--
-- Đang đổ dữ liệu cho bảng `bangtin`
--

INSERT INTO `bangtin` (`idTin`, `TieuDe`, `TieuDe_KhongDau`, `TomTat`, `urlHinh`, `Ngay`, `idUser`, `Content`, `idTL`, `idTL2`, `SoLanXem`, `TinNoiBat`, `AnHien`, `thutu`) VALUES
(82, 'Graduate Programs', 'Graduate-Programs', '', '', '2017-04-16', 2, '<p>The University of Economics and Business Administration currently offers 03 Master&rsquo;s degree programs (Economic Management, Business Management and Agricultural Economics) and 02 doctoral programs (Economic Management and&nbsp; Agricultural Economics).<img alt=\"\" src=\"uploads/2020/capBooks-1-1-300x286-1433656199.jpg\" style=\"float:right; height:286px; width:300px\" /></p>\r\n\r\n<p>The training programs are regularly renovated to ensure the quality of the graduates towards national accreditation and gradually meet the training needs of the society.</p>\r\n\r\n<p>Graduate training programs are designed flexibly based on credit system and study time.</p>\r\n\r\n<p>As of 2016 &ndash; 2017, the university enrolled 700 master and doctoral students including international students.</p>\r\n\r\n<p>With its role, mission and capacity of a tertiary institution, the University of Economics and Business Administration is very honored and willing to cooperate with all national and international partners, businesses, social organizations, and students to develop high quality human resources for the society and professional capacity of the trainees.</p>\r\n\r\n<table style=\"width:100%\">\r\n	<tbody>\r\n		<tr>\r\n			<td>&nbsp;</td>\r\n			<td><strong>Type of Programs</strong></td>\r\n			<td><strong>Name of Programs</strong></td>\r\n		</tr>\r\n		<tr>\r\n			<td rowspan=\"2\">1</td>\r\n			<td rowspan=\"2\"><strong>Doctoral</strong>\r\n			<p>&nbsp;</p>\r\n\r\n			<p><strong>(4 years)</strong></p>\r\n			</td>\r\n			<td>Economic Management</td>\r\n		</tr>\r\n		<tr>\r\n			<td>Agricultural Economics</td>\r\n		</tr>\r\n		<tr>\r\n			<td rowspan=\"3\">2</td>\r\n			<td rowspan=\"3\"><strong>Master</strong>\r\n			<p>&nbsp;</p>\r\n\r\n			<p><strong>(2 years)</strong></p>\r\n			</td>\r\n			<td>Business Administration</td>\r\n		</tr>\r\n		<tr>\r\n			<td>Economic Management</td>\r\n		</tr>\r\n		<tr>\r\n			<td>Agricultural Economics</td>\r\n		</tr>\r\n	</tbody>\r\n</table>\r\n', 30, 0, 9, 1, 1, 3),
(83, 'International Joint-degree Programs', 'International-Joint-Degree-Programs', '', '', '2017-02-16', 2, '<p>Over the past years, the University of Economics and Business Administration has been active in implementing international training programs, in the immediate future with traditional partners, and in the future the university will continue to expand to new and strategic partners. The university&rsquo;s joint-degree programs have received a high reputation and are widely recognized. These programs are entirely conducted in English or Chinese.</p>\r\n\r\n<p>1. Joint-degree undergraduate programs with Shanghai Academy of Finance, China</p>\r\n\r\n<p><img alt=\"\" src=\"http://en.tueba.edu.vn/wp-content/uploads/2017/02/capBooks-1-2-300x286.jpg\" style=\"float:right; height:286px; width:300px\" /></p>\r\n\r\n<ul>\r\n	<li><em>Finance</em></li>\r\n</ul>\r\n\r\n<p>2. 2 + 2 Joint-degree undergraduate programs with Honghe Institute, China</p>\r\n\r\n<p>3. 2 + 2 Joint-degree undergraduate programs with Qiulin University, China</p>\r\n\r\n<p>4. Joint-degree undergraduate programs with the University of Central Philippines, the Philippines:</p>\r\n\r\n<ul>\r\n	<li><em>Business Administration and</em></li>\r\n	<li><em>Accounting</em></li>\r\n</ul>\r\n\r\n<p>5. Joint-degree Master&rsquo;s degree programs with the University of Central Philippines, the Philippines:</p>\r\n\r\n<ul>\r\n	<li><em>Business Administration</em></li>\r\n	<li><em>Public Management</em></li>\r\n</ul>\r\n\r\n<p>6. Joint-degree doctoral programs with the University of Central Philippines, the Philippines:</p>\r\n\r\n<ul>\r\n	<li><em>Business Administration</em></li>\r\n	<li><em>Public Management</em></li>\r\n</ul>\r\n', 30, 0, 8, 1, 1, 4),
(84, 'Short-term Programs', 'Short-Term-Programs', '', '', '2017-02-17', 2, '<p>The University of Economics and Business Administration regularly organizes short-term training programs on specialized themes and scientific research, especially the pre-university Vietnamese language programs and Business Vietnamese for international students. The university has organized Vietnamese language training courses for hundreds of international students from Laos and China. Currently, the university is developing a number of short-term training programs to meet the diverse needs of learners.</p>\r\n\r\n<p>Programs offered:</p>\r\n\r\n<p>&ndash; Pre-university Vietnamese</p>\r\n\r\n<p>&ndash; Business Vietnamese</p>\r\n\r\n<p>&ndash; English all levels (with reference to the CEFR framework)</p>\r\n\r\n<p>&ndash; Korean all levels</p>\r\n\r\n<p>&ndash; Chinese all levels</p>\r\n\r\n<p>&ndash; Basic Computing, IC3, MOS</p>\r\n', 30, 0, 7, 1, 1, 5),
(85, 'Overview', 'Overview', '', '', '2017-02-16', 2, '<p>Thai Nguyen University of Economics and Business Administration (TUEBA) has a mission of training high quality human resources at undergraduate and postgraduate levels, scientific research, technology transfer and international cooperation in fields of business, administration and management serving the socio-economic development of the midland and mountainous areas of northern Vietnam.</p>\r\n\r\n<p>The Science research department of the university was established improve the training quality, adapt the social need, follow the direction of integration teaching and learning with the application of scientific knowledge into practice. In recent years, Science research of the university has grown and developed in both quantity and quality.</p>\r\n\r\n<p>After more than 10 years of building and development, TUEBA has produced hundreds of topics at all levels, including state-level science topics (Nafosted), ministry-level science topics, university-level science topics, province-level science topics, and student science topics.</p>\r\n\r\n<p>Besides, TUEBA has also conducted research projects sponsored by foreign organizations such as POSCO TJ Park Foundation, International Rice Research Institute &ndash; IRRI, Korea Institute for International Economic Policy &ndash; KIEP, Ford Foundation, INSA-ETEA organization of Spain and the German Technical Cooperation Agency (GTZ).</p>\r\n\r\n<p>In addition, TUEBA has also organized many national and international conferences attracting attention from government policy makers, research institutions, ministries, and the participation of experts from other countries such as the United States, Australia, Belgium, South Korea, the Philippines, China, among others. Moreover, the staff and lecturers of the university have published hundreds of local and international articles, a number of textbooks, reference books, monographs in both Vietnamese and English languages.</p>\r\n', 31, 0, 4, 1, 1, 1);
INSERT INTO `bangtin` (`idTin`, `TieuDe`, `TieuDe_KhongDau`, `TomTat`, `urlHinh`, `Ngay`, `idUser`, `Content`, `idTL`, `idTL2`, `SoLanXem`, `TinNoiBat`, `AnHien`, `thutu`) VALUES
(86, 'Some Remarkable Projects', 'Some-Remarkable-Projects', '', '', '2017-02-16', 2, '<p>&nbsp;</p>\r\n\r\n<h1>&nbsp;</h1>\r\n\r\n<table style=\"width:100%\">\r\n	<tbody>\r\n		<tr>\r\n			<td colspan=\"2\">&nbsp;</td>\r\n			<td><strong><em>No.</em></strong></td>\r\n			<td colspan=\"2\"><strong><em>Author</em></strong></td>\r\n			<td colspan=\"2\"><strong><em>Article</em></strong></td>\r\n			<td colspan=\"3\"><strong><em>Journal</em></strong></td>\r\n			<td>&nbsp;</td>\r\n		</tr>\r\n		<tr>\r\n			<td colspan=\"2\">\r\n			<p><strong><em>2007</em></strong></p>\r\n			</td>\r\n			<td colspan=\"8\">&nbsp;</td>\r\n			<td>&nbsp;</td>\r\n		</tr>\r\n		<tr>\r\n			<td colspan=\"2\">&nbsp;</td>\r\n			<td>1</td>\r\n			<td colspan=\"2\">Hoang Thi Hue</td>\r\n			<td colspan=\"2\">Services as the key to economic growth</td>\r\n			<td colspan=\"3\">The economic circumstances for development of the greater Me Kong sub &ndash; region countries</td>\r\n			<td>&nbsp;</td>\r\n		</tr>\r\n		<tr>\r\n			<td colspan=\"2\">&nbsp;</td>\r\n			<td>2</td>\r\n			<td colspan=\"2\">Hoang Thi Thu</td>\r\n			<td colspan=\"2\">Causality relationship between foreign direct investment, trade, and economic growth in Vietnam</td>\r\n			<td colspan=\"3\">Proceedings of The International Conference on Trade and Industry</td>\r\n			<td>&nbsp;</td>\r\n		</tr>\r\n		<tr>\r\n			<td colspan=\"2\">&nbsp;</td>\r\n			<td>3</td>\r\n			<td colspan=\"2\">Hoang Thi Thu</td>\r\n			<td colspan=\"2\">Determinants of foreign direct investment in Vietnam</td>\r\n			<td colspan=\"3\">Proceedings of The third National Conference of Economists of Thailand,</td>\r\n			<td>&nbsp;</td>\r\n		</tr>\r\n		<tr>\r\n			<td colspan=\"2\">&nbsp;</td>\r\n			<td>4</td>\r\n			<td colspan=\"2\">Hoang Thi Thu</td>\r\n			<td colspan=\"2\">Factors that attract foreign direct investment in Vietnam</td>\r\n			<td colspan=\"3\">Proceeding of the second International Conference on Business and Management Research</td>\r\n			<td>&nbsp;</td>\r\n		</tr>\r\n		<tr>\r\n			<td colspan=\"2\">&nbsp;</td>\r\n			<td>5</td>\r\n			<td colspan=\"2\">Nguyen Van Minh</td>\r\n			<td colspan=\"2\">Continuous parallel &ndash; iterated RKN &ndash; type pc methods for non-stiff&nbsp; IVP</td>\r\n			<td colspan=\"3\">Applied Numerical Mathematics</td>\r\n			<td>&nbsp;</td>\r\n		</tr>\r\n		<tr>\r\n			<td colspan=\"2\">&nbsp;</td>\r\n			<td>6</td>\r\n			<td colspan=\"2\">Nguyen Khanh Doanh and Heo Yoon</td>\r\n			<td colspan=\"2\">Impacts of Intellectual Property Rights on Trade Flows in ASEAN Countries</td>\r\n			<td colspan=\"3\">Journal of International and Area Studies</td>\r\n			<td>&nbsp;</td>\r\n		</tr>\r\n		<tr>\r\n			<td colspan=\"2\">&nbsp;</td>\r\n			<td>7</td>\r\n			<td colspan=\"2\">Nguyen Khanh Doanh and Heo Yoon</td>\r\n			<td colspan=\"2\">A Comparative Study of the Trade Barriers in Vietnam and Thailand</td>\r\n			<td colspan=\"3\">International Area Review</td>\r\n			<td>&nbsp;</td>\r\n		</tr>\r\n		<tr>\r\n			<td colspan=\"2\">&nbsp;<strong>2008</strong></td>\r\n			<td colspan=\"8\"><strong>&nbsp;</strong></td>\r\n			<td>&nbsp;</td>\r\n		</tr>\r\n		<tr>\r\n			<td colspan=\"2\">&nbsp;</td>\r\n			<td>1</td>\r\n			<td colspan=\"2\">Hoang Thi Thu</td>\r\n			<td colspan=\"2\">Regional determinants of foreign direct investment inflows in Vietnam</td>\r\n			<td colspan=\"3\">Proceedings of The International Colloquium on Asian Business (ICAB)</td>\r\n			<td>&nbsp;</td>\r\n		</tr>\r\n		<tr>\r\n			<td colspan=\"2\">&nbsp;</td>\r\n			<td>2</td>\r\n			<td colspan=\"2\">Nguyen Van Minh</td>\r\n			<td colspan=\"2\">Improved parallel &ndash; iterated pseudo two step RKN methods for BVP</td>\r\n			<td colspan=\"3\">Southeast Asian Bulletin of Mathematics</td>\r\n			<td>&nbsp;</td>\r\n		</tr>\r\n		<tr>\r\n			<td colspan=\"2\">&nbsp;</td>\r\n			<td>3</td>\r\n			<td colspan=\"2\">Do Dinh Long</td>\r\n			<td colspan=\"2\">Degree of Efficiency and Productivity Changes of Global Power Companies: A Case Study of 25 Power Companies</td>\r\n			<td colspan=\"3\">Proceedings of The Energy and Climate Change Conference, Suwon, Korea</td>\r\n			<td>&nbsp;</td>\r\n		</tr>\r\n		<tr>\r\n			<td colspan=\"2\">&nbsp;</td>\r\n			<td>4</td>\r\n			<td colspan=\"2\">Tran Chi Thien</td>\r\n			<td colspan=\"2\">Properties and motives of Korean FDI into ASEAN</td>\r\n			<td colspan=\"3\">Logos management review</td>\r\n			<td>&nbsp;</td>\r\n		</tr>\r\n		<tr>\r\n			<td colspan=\"2\">&nbsp;</td>\r\n			<td>5</td>\r\n			<td colspan=\"2\">Tran Chi Thien</td>\r\n			<td colspan=\"2\">ASEAN &ndash; South Korea trade cooperation in Integration progress to the region and the world economy</td>\r\n			<td colspan=\"3\">Logos management review</td>\r\n			<td>&nbsp;</td>\r\n		</tr>\r\n		<tr>\r\n			<td colspan=\"2\"><strong>2009</strong></td>\r\n			<td colspan=\"8\">&nbsp;</td>\r\n			<td>&nbsp;</td>\r\n		</tr>\r\n		<tr>\r\n			<td colspan=\"2\">&nbsp;</td>\r\n			<td>1</td>\r\n			<td colspan=\"2\">Do Dinh Long</td>\r\n			<td colspan=\"2\">Vietnam&rsquo;s Energy Efficiency: Current Situation and Prospect</td>\r\n			<td colspan=\"3\">Proceedings of The Energy Conference, Jeju, Korea</td>\r\n			<td>&nbsp;</td>\r\n		</tr>\r\n		<tr>\r\n			<td colspan=\"2\">&nbsp;</td>\r\n			<td>2</td>\r\n			<td colspan=\"2\">Do Dinh Long</td>\r\n			<td colspan=\"2\">Prospect of Vietnam&rsquo;s New and Renewable Energy</td>\r\n			<td colspan=\"3\">Proceedings of The Energy Conference, Jeju, Korea</td>\r\n			<td>&nbsp;</td>\r\n		</tr>\r\n		<tr>\r\n			<td colspan=\"2\">&nbsp;</td>\r\n			<td>3</td>\r\n			<td colspan=\"2\">Do Dinh Long</td>\r\n			<td colspan=\"2\">Role of Nuclear Power in Energy and Climate Change in Vietnam</td>\r\n			<td colspan=\"3\">Journal of Energy and Climate Change</td>\r\n			<td>&nbsp;</td>\r\n		</tr>\r\n		<tr>\r\n			<td colspan=\"2\">&nbsp;</td>\r\n			<td>4</td>\r\n			<td colspan=\"2\">Do Dinh Long</td>\r\n			<td colspan=\"2\">Role of Nuclear Power in Energy and Climate Change</td>\r\n			<td colspan=\"3\">Proceedings of The 1<sup>st</sup>&nbsp;International Symposium Kyoto University Global COE Program, Kyoto, Japan</td>\r\n			<td>&nbsp;</td>\r\n		</tr>\r\n		<tr>\r\n			<td colspan=\"2\">&nbsp;</td>\r\n			<td>5</td>\r\n			<td colspan=\"2\">Do Dinh Long</td>\r\n			<td colspan=\"2\">Promotion Policies of Renewable Energy: Lessons from the Korean Experience for the Vietnamese Case</td>\r\n			<td colspan=\"3\">Proceedings of The Korean Society for New and Renewable Energy Conference, Jeonju, Korea</td>\r\n			<td>&nbsp;</td>\r\n		</tr>\r\n		<tr>\r\n			<td colspan=\"2\">&nbsp;</td>\r\n			<td>6</td>\r\n			<td colspan=\"2\">Tran Nhuan Kien and Y. Heo</td>\r\n			<td colspan=\"2\">Impacts of Trade Liberalization on Employment in Vietnam: A Generalized Method of Moments Estimation</td>\r\n			<td colspan=\"3\">The Developing Economies</td>\r\n			<td>&nbsp;</td>\r\n		</tr>\r\n		<tr>\r\n			<td colspan=\"2\">&nbsp;</td>\r\n			<td>7</td>\r\n			<td colspan=\"2\">Tran Nhuan Kienand Hong Ryul Lee</td>\r\n			<td colspan=\"2\">Changing Pattern of Korea-Vietnam Trade Relations</td>\r\n			<td colspan=\"3\">Sogang IISA research series on International affairs</td>\r\n			<td>&nbsp;</td>\r\n		</tr>\r\n		<tr>\r\n			<td colspan=\"2\">&nbsp;</td>\r\n			<td>8</td>\r\n			<td colspan=\"2\">Tran Chi Thien</td>\r\n			<td colspan=\"2\">Vietnam&rsquo;s economic reform and development since DOI MOI: achievement and challenges</td>\r\n			<td colspan=\"3\">Statistical publishing house</td>\r\n			<td>&nbsp;</td>\r\n		</tr>\r\n		<tr>\r\n			<td colspan=\"2\">&nbsp;</td>\r\n			<td>9</td>\r\n			<td colspan=\"2\">Heo Yoon and Nguyen Khanh Doanh</td>\r\n			<td colspan=\"2\">Trade Liberalization and Poverty Reduction in Vietnam</td>\r\n			<td colspan=\"3\">The World Economy</td>\r\n			<td>&nbsp;</td>\r\n		</tr>\r\n		<tr>\r\n			<td colspan=\"2\">&nbsp;</td>\r\n			<td>10</td>\r\n			<td colspan=\"2\">Nguyen Khanh Doanh and Heo Yoon</td>\r\n			<td colspan=\"2\">Impacts of Trade Liberalization Commitments on the Vietnamese Economy: A CGE Approach</td>\r\n			<td colspan=\"3\">The World Economy</td>\r\n			<td>&nbsp;</td>\r\n		</tr>\r\n		<tr>\r\n			<td colspan=\"2\">&nbsp;</td>\r\n			<td>11</td>\r\n			<td colspan=\"2\">Nguyen Khanh Doanh and Heo Yoon</td>\r\n			<td colspan=\"2\">AFTA and Trade Diversion: An Empirical Study for Vietnam and Singapore</td>\r\n			<td colspan=\"3\"><em>International Area Review</em></td>\r\n			<td>&nbsp;</td>\r\n		</tr>\r\n		<tr>\r\n			<td colspan=\"2\">&nbsp;</td>\r\n			<td>12</td>\r\n			<td colspan=\"2\">Nguyen Khanh Doanh, Heo Yoon and Nguyen Thi Gam</td>\r\n			<td colspan=\"2\">Impacts of Intellectual Property Right Protection in Foreign Countries on Korea&rsquo;s Exports</td>\r\n			<td colspan=\"3\">Sogang IIAS Research Series on International Affairs</td>\r\n			<td>&nbsp;</td>\r\n		</tr>\r\n		<tr>\r\n			<td colspan=\"2\"><strong>2010</strong></td>\r\n			<td colspan=\"8\">&nbsp;</td>\r\n			<td>&nbsp;</td>\r\n		</tr>\r\n		<tr>\r\n			<td colspan=\"2\">&nbsp;</td>\r\n			<td>1</td>\r\n			<td colspan=\"2\">Hoang Thi Thu</td>\r\n			<td colspan=\"2\">Does Foreign Direct Investment promote economic growth in Vietnam?</td>\r\n			<td colspan=\"3\">ASEAN Economic Bulletin,</td>\r\n			<td>&nbsp;</td>\r\n		</tr>\r\n		<tr>\r\n			<td colspan=\"2\">&nbsp;</td>\r\n			<td>2</td>\r\n			<td colspan=\"2\">Do Dinh Long</td>\r\n			<td colspan=\"2\">Green Growth and Smart Grid: The Role of Information and Communication Technology</td>\r\n			<td colspan=\"3\">Journal of Energy and Climate Change</td>\r\n			<td>&nbsp;</td>\r\n		</tr>\r\n		<tr>\r\n			<td colspan=\"2\">&nbsp;</td>\r\n			<td>3</td>\r\n			<td colspan=\"2\">Do Dinh Long</td>\r\n			<td colspan=\"2\">Role of Nuclear Power in Energy and Climate Change in Vietnam&rdquo;</td>\r\n			<td colspan=\"3\">Green Energy and Technology</td>\r\n			<td>&nbsp;</td>\r\n		</tr>\r\n		<tr>\r\n			<td colspan=\"2\">&nbsp;</td>\r\n			<td>4</td>\r\n			<td colspan=\"2\">Do Dinh Long</td>\r\n			<td colspan=\"2\">Study on the Growth Strategy and the Role of Korea National Oil Corporation using Empirical Analysis of Worldwide Oil Companies</td>\r\n			<td colspan=\"3\">Proceedings of The 2nd International Symposium Kyoto University Global COE Program, Kyoto, Japan</td>\r\n			<td>&nbsp;</td>\r\n		</tr>\r\n		<tr>\r\n			<td colspan=\"2\">&nbsp;</td>\r\n			<td>5</td>\r\n			<td colspan=\"2\">Do Dinh Long</td>\r\n			<td colspan=\"2\">Study on the Growth Strategy and the Role of Korea National Oil Corporation using Empirical Analysis of Worldwide Oil Companies</td>\r\n			<td colspan=\"3\">Proceedings of The Energy and Climate change Conference, Gwangzu, Korea</td>\r\n			<td>&nbsp;</td>\r\n		</tr>\r\n		<tr>\r\n			<td colspan=\"2\">&nbsp;</td>\r\n			<td>6</td>\r\n			<td colspan=\"2\">Nguyen Khanh Doanh</td>\r\n			<td colspan=\"2\">Vietnam&rsquo;s Tariff Policy in the Reformation Era</td>\r\n			<td colspan=\"3\">Sogang IIAS Research Series on International Affairs</td>\r\n			<td>&nbsp;</td>\r\n		</tr>\r\n		<tr>\r\n			<td colspan=\"2\">&nbsp;</td>\r\n			<td>7</td>\r\n			<td colspan=\"2\">Tran Nhuan Kien, Y. Heo, and &nbsp;Lee, Hong Ryul</td>\r\n			<td colspan=\"2\">Dynamic Patterns of Korea-Vietnam Trade Relations</td>\r\n			<td colspan=\"3\">International Area Review</td>\r\n			<td>&nbsp;</td>\r\n		</tr>\r\n		<tr>\r\n			<td colspan=\"2\">&nbsp;</td>\r\n			<td>8</td>\r\n			<td colspan=\"2\">Tran Nhuan Kien</td>\r\n			<td colspan=\"2\">Endogenous Protection Structure and Employment in Vietnam</td>\r\n			<td colspan=\"3\">Sogang IIAS research series on international affairs, Vol. 10/2010</td>\r\n			<td>&nbsp;</td>\r\n		</tr>\r\n		<tr>\r\n			<td colspan=\"2\"><strong>2011</strong></td>\r\n			<td colspan=\"8\">&nbsp;</td>\r\n			<td>&nbsp;</td>\r\n		</tr>\r\n		<tr>\r\n			<td colspan=\"2\">&nbsp;</td>\r\n			<td>1</td>\r\n			<td colspan=\"2\">Do Dinh Long</td>\r\n			<td colspan=\"2\">General Equilibrium Model for Energy Policy Evaluation using GTAP-E for Vietnam</td>\r\n			<td colspan=\"3\">Proceedings of The 3rd International Symposium Kyoto University Global COE Program, Suwon, Korea</td>\r\n			<td>&nbsp;</td>\r\n		</tr>\r\n		<tr>\r\n			<td colspan=\"2\">&nbsp;</td>\r\n			<td>2</td>\r\n			<td colspan=\"2\">Do Dinh Long</td>\r\n			<td colspan=\"2\">&nbsp;General Equilibrium Model for Energy Policy Evaluation using GTAP-E for Vietnam</td>\r\n			<td colspan=\"3\">Proceedings of The 2nd International Science Conference on Sustainable Development, Hanoi</td>\r\n			<td>&nbsp;</td>\r\n		</tr>\r\n		<tr>\r\n			<td colspan=\"2\">&nbsp;</td>\r\n			<td>3</td>\r\n			<td colspan=\"2\">Tran Nhuan Kienand Y. Heo</td>\r\n			<td colspan=\"2\">Vietnam&rsquo;s Intellectual Property Landscape from a regional perspective</td>\r\n			<td colspan=\"3\">International Area Review</td>\r\n			<td>&nbsp;</td>\r\n		</tr>\r\n		<tr>\r\n			<td colspan=\"2\">&nbsp;</td>\r\n			<td>4</td>\r\n			<td colspan=\"2\">Bui Thi Minh Hang and Schreinemachers</td>\r\n			<td colspan=\"2\">Resettling Farm Households in Northwestern Vietnam: Livelihood Change and Adaptation</td>\r\n			<td colspan=\"3\">International Journal of Water Resources Development</td>\r\n			<td>&nbsp;</td>\r\n		</tr>\r\n		<tr>\r\n			<td colspan=\"2\">&nbsp;</td>\r\n			<td>5</td>\r\n			<td colspan=\"2\">Tran Nhuan Kien and Y. Heo</td>\r\n			<td colspan=\"2\">Political Economy of tariff formation in Vietnam</td>\r\n			<td colspan=\"3\">International Area Review</td>\r\n			<td>&nbsp;</td>\r\n		</tr>\r\n		<tr>\r\n			<td colspan=\"2\">&nbsp;</td>\r\n			<td>6</td>\r\n			<td colspan=\"2\">Tran Nhuan Kien</td>\r\n			<td colspan=\"2\">Employment Effects of Trade Expansion and Foreign Direct Investment:&nbsp; Case of Korean Manufacturing Industry</td>\r\n			<td colspan=\"3\">Sogang IIAS Research Series on International Affairs,</td>\r\n			<td>&nbsp;</td>\r\n		</tr>\r\n		<tr>\r\n			<td colspan=\"2\">&nbsp;</td>\r\n			<td>7</td>\r\n			<td colspan=\"2\">Nguyen Khanh Doanh</td>\r\n			<td colspan=\"2\">Dynamic Patterns of Korea&rsquo;s Export Specialization</td>\r\n			<td colspan=\"3\">Sogang IIAS Research Series on International Affairs,</td>\r\n			<td>&nbsp;</td>\r\n		</tr>\r\n		<tr>\r\n			<td colspan=\"2\">&nbsp;</td>\r\n			<td>8</td>\r\n			<td colspan=\"2\">Nguyen Khanh Doanh and&nbsp; Y. Heo</td>\r\n			<td colspan=\"2\">Dynamic Patterns in Vietnam&rsquo;s Comparative Advantage</td>\r\n			<td colspan=\"3\">Journal of International Logistics and Trade</td>\r\n			<td>&nbsp;</td>\r\n		</tr>\r\n		<tr>\r\n			<td colspan=\"2\"><strong>&nbsp;2012</strong></td>\r\n			<td colspan=\"8\">&nbsp;</td>\r\n			<td>&nbsp;</td>\r\n		</tr>\r\n		<tr>\r\n			<td colspan=\"2\">&nbsp;</td>\r\n			<td>1</td>\r\n			<td colspan=\"2\">Pham Hong Truong</td>\r\n			<td colspan=\"2\"><em>平行机上</em><em>单位加工时间加权总完工时间排序问题的反问题</em>&nbsp;(the inverse problem of the total weighted completion time problem with unit processing time on identical parallel machines)</td>\r\n			<td colspan=\"3\">Journal of East China University of Science and Technology</td>\r\n			<td>&nbsp;</td>\r\n		</tr>\r\n		<tr>\r\n			<td colspan=\"2\">&nbsp;</td>\r\n			<td>2</td>\r\n			<td colspan=\"2\">Pham Hong Truong</td>\r\n			<td colspan=\"2\">Numerical Simulation and Analysis of Gas-Liquid Flow in a T-Junction Micro channel</td>\r\n			<td colspan=\"3\">Advances in Mechanical Engineering (SCIE)</td>\r\n			<td>&nbsp;</td>\r\n		</tr>\r\n		<tr>\r\n			<td colspan=\"2\">&nbsp;</td>\r\n			<td>3</td>\r\n			<td colspan=\"2\">Do Dinh Long</td>\r\n			<td colspan=\"2\">General Equilibrium Model for Energy Policy Evaluation using GTAP-E for Vietnam</td>\r\n			<td colspan=\"3\">Proceedings of The 3rd IAEE Asian Conference, Kyoto, Japan</td>\r\n			<td>&nbsp;</td>\r\n		</tr>\r\n		<tr>\r\n			<td colspan=\"2\">&nbsp;</td>\r\n			<td>4</td>\r\n			<td colspan=\"2\">Heo Yoon and &nbsp;Nguyen Khanh Doanh</td>\r\n			<td colspan=\"2\">Intellectual Property Right, Imitative Ability and Trade Performance: The Korean Experience</td>\r\n			<td colspan=\"3\">International Studies Review</td>\r\n			<td>&nbsp;</td>\r\n		</tr>\r\n		<tr>\r\n			<td colspan=\"2\">&nbsp;</td>\r\n			<td>5</td>\r\n			<td colspan=\"2\">Heo Yoon and&nbsp; Nguyen Khanh Doanh</td>\r\n			<td colspan=\"2\">Dynamics and Divergence of Export Specialization in Korea</td>\r\n			<td colspan=\"3\">Journal of Asia-Pacific Studies</td>\r\n			<td>&nbsp;</td>\r\n		</tr>\r\n		<tr>\r\n			<td colspan=\"2\">&nbsp;</td>\r\n			<td>6</td>\r\n			<td colspan=\"2\">Nguyen Khanh Doanh and&nbsp; Tran Dinh Tuan</td>\r\n			<td colspan=\"2\">Impacts of Intellectual Property Right Protection on ASEAN Exports: A GMM Estimator</td>\r\n			<td colspan=\"3\">Sogang IIAS Research Series on International Affairs</td>\r\n			<td>&nbsp;</td>\r\n		</tr>\r\n		<tr>\r\n			<td colspan=\"2\">&nbsp;</td>\r\n			<td>7</td>\r\n			<td colspan=\"2\">Tran Nhuan Kien and Yoon Heo</td>\r\n			<td colspan=\"2\">Korea-ASEAN Trade Flows and the Role of AFTA: Sector-specific Evidence of Trade Diversion</td>\r\n			<td colspan=\"3\">Journal of International Logistics and Trade</td>\r\n			<td>&nbsp;</td>\r\n		</tr>\r\n		<tr>\r\n			<td colspan=\"2\">&nbsp;</td>\r\n			<td>8</td>\r\n			<td colspan=\"2\">Bui Thi Minh Hang, Schreinemachers; P. and Berger</td>\r\n			<td colspan=\"2\">Hydropower Development in Vietnam: Involuntary Resettlement and Factors Enabling Rehabilitation</td>\r\n			<td colspan=\"3\">Land Use Policy</td>\r\n			<td>&nbsp;</td>\r\n		</tr>\r\n		<tr>\r\n			<td colspan=\"2\"><strong>2013</strong></td>\r\n			<td colspan=\"8\">&nbsp;</td>\r\n			<td>&nbsp;</td>\r\n		</tr>\r\n		<tr>\r\n			<td colspan=\"2\">&nbsp;</td>\r\n			<td>1</td>\r\n			<td colspan=\"2\">Nguyen Thi Gam and MA. Tran Thi Thuy Linh</td>\r\n			<td colspan=\"2\">Automobile insurance in Vietnam: Present situation and future prospects</td>\r\n			<td colspan=\"3\">Journal of Claim Adjustment (KOREA)</td>\r\n			<td>&nbsp;</td>\r\n		</tr>\r\n		<tr>\r\n			<td colspan=\"2\">&nbsp;</td>\r\n			<td>2</td>\r\n			<td colspan=\"2\">Tein-Yaw Chung; Mashal, I; Alsaryrah, O.; Huy, V*.; Wen-Hsing Kuo; Agrawal, D.P.</td>\r\n			<td colspan=\"2\">Social Web of Things: A Survey</td>\r\n			<td colspan=\"3\">IEEE</td>\r\n			<td>&nbsp;</td>\r\n		</tr>\r\n		<tr>\r\n			<td colspan=\"2\">&nbsp;</td>\r\n			<td>3</td>\r\n			<td colspan=\"2\">Doan Quang Huy</td>\r\n			<td colspan=\"2\">Impacts of economic integration on Vietnam&rsquo;s Trade Flows</td>\r\n			<td colspan=\"3\">Southeast Asia Journal, South Korea</td>\r\n			<td>&nbsp;</td>\r\n		</tr>\r\n		<tr>\r\n			<td colspan=\"2\">&nbsp;</td>\r\n			<td>4</td>\r\n			<td colspan=\"2\">Tran Nhuan Kien and MA. Nguyen Thi Thanh Huyen</td>\r\n			<td colspan=\"2\">Determinants of South Korean outward foreign direct investment in Southeast Asian countries, 1991 &ndash; 2008</td>\r\n			<td colspan=\"3\">Sogang IISA research series on International affairs</td>\r\n			<td>&nbsp;</td>\r\n		</tr>\r\n		<tr>\r\n			<td colspan=\"2\"><strong>&nbsp;2014</strong></td>\r\n			<td colspan=\"8\">&nbsp;</td>\r\n			<td>&nbsp;</td>\r\n		</tr>\r\n		<tr>\r\n			<td colspan=\"2\">&nbsp;</td>\r\n			<td>1</td>\r\n			<td colspan=\"2\">Tran Van Quyet</td>\r\n			<td colspan=\"2\">Study on the impact of factors attracting FDI after Joining WTO of Vietnam: A Gravity Model Using Panel data</td>\r\n			<td colspan=\"3\">Southeast Asia</td>\r\n			<td>&nbsp;</td>\r\n		</tr>\r\n		<tr>\r\n			<td colspan=\"2\">&nbsp;</td>\r\n			<td>2</td>\r\n			<td colspan=\"2\">Do Thi Thuy Linh</td>\r\n			<td colspan=\"2\">Capital Structure of Small and Medium-Sized Enterprises: Empirical Evidence from Vietnam</td>\r\n			<td colspan=\"3\">Essex Student Research Online</td>\r\n			<td>&nbsp;</td>\r\n		</tr>\r\n		<tr>\r\n			<td colspan=\"2\">&nbsp;</td>\r\n			<td>3</td>\r\n			<td colspan=\"2\">Nguyen Khanh Doanh, Pham Thuy Linh, Nguyen Thi Bich Ngoc</td>\r\n			<td colspan=\"2\">Empirical Analysis of Trade Potential between Korea and ASEAN: A stochastic Frontier Approach</td>\r\n			<td colspan=\"3\">Sogang IIAS Research Series on International Affairs</td>\r\n			<td>&nbsp;</td>\r\n		</tr>\r\n		<tr>\r\n			<td colspan=\"2\">&nbsp;</td>\r\n			<td>4</td>\r\n			<td colspan=\"2\">Tran Van Quyet</td>\r\n			<td colspan=\"2\">Entrepreneurial intentions in Vietnam&nbsp;: A comparative analysis between business and engineering students</td>\r\n			<td colspan=\"3\">Journal of Economics and Business Administration Research,</td>\r\n			<td>&nbsp;</td>\r\n		</tr>\r\n		<tr>\r\n			<td colspan=\"2\">&nbsp;</td>\r\n			<td>5</td>\r\n			<td colspan=\"2\">Tran Nhuan Kien</td>\r\n			<td colspan=\"2\">Technology, Factor proportion, and Complementarity: Trade Relations between Korea and Vietnam</td>\r\n			<td colspan=\"3\">Journal of International Logistics and Trade</td>\r\n			<td>&nbsp;</td>\r\n		</tr>\r\n		<tr>\r\n			<td colspan=\"2\">&nbsp;</td>\r\n			<td>6</td>\r\n			<td colspan=\"2\">Pham Thuy Linh</td>\r\n			<td colspan=\"2\">Is AFTA Trade Diverting? Evidence from China&rsquo;s Agricultural Exports</td>\r\n			<td colspan=\"3\">Institute of International and Area Studies</td>\r\n			<td>&nbsp;</td>\r\n		</tr>\r\n		<tr>\r\n			<td colspan=\"2\">&nbsp;</td>\r\n			<td>7</td>\r\n			<td colspan=\"2\">Dinh Hong Linh</td>\r\n			<td colspan=\"2\">CO2 Emissions, Energy Consumption, Economic Growth and FDI in Vietnam</td>\r\n			<td colspan=\"3\">Managing Global Transition, ISSN: 1854-6935</td>\r\n			<td>&nbsp;</td>\r\n		</tr>\r\n		<tr>\r\n			<td colspan=\"2\"><strong>&nbsp;&nbsp;2015</strong></td>\r\n			<td colspan=\"8\">&nbsp;</td>\r\n			<td>&nbsp;</td>\r\n		</tr>\r\n		<tr>\r\n			<td colspan=\"2\">&nbsp;</td>\r\n			<td>1</td>\r\n			<td colspan=\"2\">Nguyen Bich Hong</td>\r\n			<td colspan=\"2\">Technical Efficiency Analysis of Tea Production in the Northern Mountainous Region of Vietnam</td>\r\n			<td colspan=\"3\">Global Journal of science Frontier Research: Agriculture and Veterinary</td>\r\n			<td>&nbsp;</td>\r\n		</tr>\r\n		<tr>\r\n			<td colspan=\"2\">&nbsp;</td>\r\n			<td>2</td>\r\n			<td colspan=\"2\">Nguyen Bich Hong</td>\r\n			<td colspan=\"2\">Resource use efficiency of tea production in Vietnam: Using translog SFA Model</td>\r\n			<td colspan=\"3\">Journal of Agricultural Science</td>\r\n			<td>&nbsp;</td>\r\n		</tr>\r\n		<tr>\r\n			<td colspan=\"2\">&nbsp;</td>\r\n			<td>3</td>\r\n			<td colspan=\"2\">Nguyen Bich Hong</td>\r\n			<td colspan=\"2\">Profit efficiency of tea production in the Northern mountainous region of Vietnam</td>\r\n			<td colspan=\"3\">J. ISSAAS</td>\r\n			<td>&nbsp;</td>\r\n		</tr>\r\n		<tr>\r\n			<td colspan=\"2\">&nbsp;</td>\r\n			<td>4</td>\r\n			<td colspan=\"2\">Nguyen Bich Hong</td>\r\n			<td colspan=\"2\">Input &ndash; oriented Technical Efficiency of tea Production in the Northern Mountainous Region of Vietnam</td>\r\n			<td colspan=\"3\">International Conference on Social Sciences and Psychology</td>\r\n			<td>&nbsp;</td>\r\n		</tr>\r\n		<tr>\r\n			<td colspan=\"2\">&nbsp;</td>\r\n			<td>5</td>\r\n			<td colspan=\"2\">Nguyen Bich Hong</td>\r\n			<td colspan=\"2\">Technical Efficiency Analysis of Tea Production in the Northern Mountainous Region of Vietnam</td>\r\n			<td colspan=\"3\">Global Journal of science Frontier Research: Agriculture and Veterinary</td>\r\n			<td>&nbsp;</td>\r\n		</tr>\r\n		<tr>\r\n			<td colspan=\"2\">&nbsp;</td>\r\n			<td>6</td>\r\n			<td colspan=\"2\">Dinh Hong Linh</td>\r\n			<td colspan=\"2\">Dynamic causal relationships among CO2 emissions, energy consumption, economic growth, and FDI in the most populous Asian counties.</td>\r\n			<td colspan=\"3\">Advances in Management &amp; Applied Economics, ISSN: 1792-7552</td>\r\n			<td>&nbsp;</td>\r\n		</tr>\r\n		<tr>\r\n			<td colspan=\"2\">&nbsp;</td>\r\n			<td>7</td>\r\n			<td colspan=\"2\">Dinh Hong Linh</td>\r\n			<td colspan=\"2\">Do ASEAN Member States Respond to oil Price and Income Changes Recently? Evidence from Dynamic Panel Data Estimations</td>\r\n			<td colspan=\"3\">The Empirical Economic Letters, ISSN: 1681-8997</td>\r\n			<td>&nbsp;</td>\r\n		</tr>\r\n		<tr>\r\n			<td colspan=\"2\">&nbsp;</td>\r\n			<td>8</td>\r\n			<td colspan=\"2\">Dinh Hong Linh</td>\r\n			<td colspan=\"2\">Value Chain Transition in East Asian Production Networks</td>\r\n			<td colspan=\"3\">Journal of International Logistics and Trade</td>\r\n			<td>&nbsp;</td>\r\n		</tr>\r\n		<tr>\r\n			<td colspan=\"2\">&nbsp;</td>\r\n			<td>9</td>\r\n			<td colspan=\"2\">Le Thi Yen</td>\r\n			<td colspan=\"2\">Impact of investment performance in developing industrial zones on people&rsquo;s livelihood: A study in Thai Nguyen province, Vietnam</td>\r\n			<td colspan=\"3\">International Journal of Development Research</td>\r\n			<td>&nbsp;</td>\r\n		</tr>\r\n		<tr>\r\n			<td colspan=\"2\">&nbsp;</td>\r\n			<td>10</td>\r\n			<td colspan=\"2\">Le Thi Yen</td>\r\n			<td colspan=\"2\">Impact of investment performance in developing industrial zones on people&rsquo;s livelihood: Evidence from survey conducted in Thai Nguyen province, Vietnam</td>\r\n			<td colspan=\"3\">Asian journal of Science and Technology</td>\r\n			<td>&nbsp;</td>\r\n		</tr>\r\n		<tr>\r\n			<td colspan=\"2\">&nbsp;</td>\r\n			<td>11</td>\r\n			<td colspan=\"2\">Le Thi Yen</td>\r\n			<td colspan=\"2\">Vulnerability of the residents&rsquo; livelihood surrounding the industrial park in the north midland and mountainous region of Viet Nam</td>\r\n			<td colspan=\"3\">Agriculture publishing House</td>\r\n			<td>&nbsp;</td>\r\n		</tr>\r\n		<tr>\r\n			<td colspan=\"2\">&nbsp;</td>\r\n			<td>12</td>\r\n			<td colspan=\"2\">Le Thi Yen</td>\r\n			<td colspan=\"2\">Evaluation of the impacts of Tang Loong copper-refining factory on the neighboring livelihood</td>\r\n			<td colspan=\"3\">Proceedings of the 5th RENPER International seminar on poverty eradication</td>\r\n			<td>&nbsp;</td>\r\n		</tr>\r\n		<tr>\r\n			<td colspan=\"2\">&nbsp;</td>\r\n			<td>13</td>\r\n			<td colspan=\"2\">Nguyen Thi Thanh Huyen</td>\r\n			<td colspan=\"2\">Institutional Quality and ASEAN Trade Flows</td>\r\n			<td colspan=\"3\">Institute of International and Area Studies &ndash; Sogang University</td>\r\n			<td>&nbsp;</td>\r\n		</tr>\r\n		<tr>\r\n			<td colspan=\"2\">&nbsp;</td>\r\n			<td>14</td>\r\n			<td colspan=\"2\">Nguyen Thanh Cong</td>\r\n			<td colspan=\"2\">Research on income inequality between rural and urban areas in Vietnam</td>\r\n			<td colspan=\"3\">Journal of Chinese Business Administrator</td>\r\n			<td>&nbsp;</td>\r\n		</tr>\r\n		<tr>\r\n			<td colspan=\"2\">&nbsp;</td>\r\n			<td>15</td>\r\n			<td colspan=\"2\">Nguyen Khanh Doanh</td>\r\n			<td colspan=\"2\">Trade Flows and IPR Protection:<br />\r\n			A Dynamic Analysis of the<br />\r\n			Experience of ASEAN-6 Countries</td>\r\n			<td colspan=\"3\">International Studies Review</td>\r\n			<td>&nbsp;</td>\r\n		</tr>\r\n		<tr>\r\n			<td colspan=\"2\"><strong>2016</strong></td>\r\n			<td colspan=\"8\">&nbsp;</td>\r\n			<td>&nbsp;</td>\r\n		</tr>\r\n		<tr>\r\n			<td colspan=\"2\">&nbsp;</td>\r\n			<td>1</td>\r\n			<td colspan=\"2\">Nguyen Trong Bac</td>\r\n			<td colspan=\"2\">Skew Constacyclic Codes over Finite Fields and Finite Chain Rings</td>\r\n			<td colspan=\"3\">Mathematical problems in Engineering</td>\r\n			<td>&nbsp;</td>\r\n		</tr>\r\n		<tr>\r\n			<td colspan=\"2\">&nbsp;</td>\r\n			<td>2</td>\r\n			<td colspan=\"2\">Nguyen Thi Thu Huong</td>\r\n			<td colspan=\"2\">Factor influencing customer satisfaction towards supermarkets in Thai Nguyen city, Viet Nam</td>\r\n			<td colspan=\"3\">International Journal of Economics, Commerce and Management</td>\r\n			<td>&nbsp;</td>\r\n		</tr>\r\n		<tr>\r\n			<td colspan=\"2\">&nbsp;</td>\r\n			<td>3</td>\r\n			<td colspan=\"2\">Nguyen Thanh Cong, Luu Thi Phuong Thao</td>\r\n			<td colspan=\"2\">The relationships among the government, the society and poor households in Vietnam</td>\r\n			<td colspan=\"3\">Journal of Business Administrator</td>\r\n			<td>&nbsp;</td>\r\n		</tr>\r\n		<tr>\r\n			<td colspan=\"2\">&nbsp;</td>\r\n			<td>4</td>\r\n			<td colspan=\"2\">Nguyen Van Huy, Bui Thi Thanh Huong, Nguyen Thi Thu Ha</td>\r\n			<td colspan=\"2\">An Analysis of Educational Quality of Universities in the North of Vietnam</td>\r\n			<td colspan=\"3\">Business and Economics Journal</td>\r\n			<td>&nbsp;</td>\r\n		</tr>\r\n		<tr>\r\n			<td colspan=\"6\"><strong>I. Nafosted projects</strong></td>\r\n			<td colspan=\"2\">&nbsp;</td>\r\n			<td>&nbsp;</td>\r\n			<td colspan=\"2\">&nbsp;</td>\r\n		</tr>\r\n		<tr>\r\n			<td colspan=\"4\" rowspan=\"2\"><strong>No.</strong></td>\r\n			<td colspan=\"2\" rowspan=\"2\"><strong>Title and code of projects</strong></td>\r\n			<td colspan=\"2\" rowspan=\"2\"><strong>Project manager</strong></td>\r\n			<td colspan=\"3\"><strong>Duration</strong></td>\r\n		</tr>\r\n		<tr>\r\n			<td><strong>Start</strong></td>\r\n			<td colspan=\"2\"><strong>Close</strong></td>\r\n		</tr>\r\n		<tr>\r\n			<td colspan=\"4\">1</td>\r\n			<td colspan=\"2\">Factors affecting the shift to organic agriculture in tea production in the Northern mountainous region of Vietnam<br />\r\n			II4.2-2013.42</td>\r\n			<td colspan=\"2\">Nguyen Khanh Doanh</td>\r\n			<td>2014</td>\r\n			<td colspan=\"2\">2015</td>\r\n		</tr>\r\n		<tr>\r\n			<td colspan=\"4\">&nbsp;</td>\r\n			<td colspan=\"2\">&nbsp;</td>\r\n			<td colspan=\"2\">&nbsp;</td>\r\n			<td>&nbsp;</td>\r\n			<td colspan=\"2\">&nbsp;</td>\r\n		</tr>\r\n		<tr>\r\n			<td colspan=\"6\"><strong>II. Ministerial projects</strong></td>\r\n			<td colspan=\"2\">&nbsp;</td>\r\n			<td>&nbsp;</td>\r\n			<td colspan=\"2\">&nbsp;</td>\r\n		</tr>\r\n		<tr>\r\n			<td rowspan=\"2\"><strong>No.</strong></td>\r\n			<td colspan=\"5\" rowspan=\"2\"><strong>Title and code of projects</strong></td>\r\n			<td colspan=\"2\" rowspan=\"2\"><strong>Project manager</strong></td>\r\n			<td colspan=\"3\"><strong>Duration</strong></td>\r\n		</tr>\r\n		<tr>\r\n			<td><strong>Start</strong></td>\r\n			<td colspan=\"2\"><strong>Start</strong></td>\r\n		</tr>\r\n		<tr>\r\n			<td>&nbsp;</td>\r\n			<td colspan=\"5\">&nbsp;</td>\r\n			<td colspan=\"2\">&nbsp;</td>\r\n			<td>&nbsp;</td>\r\n			<td colspan=\"2\">&nbsp;</td>\r\n		</tr>\r\n		<tr>\r\n			<td>&nbsp;</td>\r\n			<td colspan=\"5\"><strong>2004</strong></td>\r\n			<td colspan=\"2\">&nbsp;</td>\r\n			<td>&nbsp;</td>\r\n			<td colspan=\"2\">&nbsp;</td>\r\n		</tr>\r\n		<tr>\r\n			<td>1</td>\r\n			<td colspan=\"5\">Current situation and solutions to the economic development of agricultural cooperatives in Thai Nguyen province\r\n			<p>&nbsp;</p>\r\n\r\n			<p>B2004-02-57</p>\r\n			</td>\r\n			<td colspan=\"2\">Nong Van Tuong</td>\r\n			<td>2004</td>\r\n			<td colspan=\"2\">2005</td>\r\n		</tr>\r\n		<tr>\r\n			<td>2</td>\r\n			<td colspan=\"5\">Role of credit for the household economic development in commodity production in Pho Yen district, Thai Nguyen provinceB2004-02-58</td>\r\n			<td colspan=\"2\">Dong Van Dat</td>\r\n			<td>2004</td>\r\n			<td colspan=\"2\">2005</td>\r\n		</tr>\r\n		<tr>\r\n			<td>3</td>\r\n			<td colspan=\"5\">Assessment of the current situation and proposed directions and solutions to poultry development in Thai Nguyen province<br />\r\n			B2004-02-64</td>\r\n			<td colspan=\"2\">Ha Quang trung</td>\r\n			<td>2004</td>\r\n			<td colspan=\"2\">2005</td>\r\n		</tr>\r\n		<tr>\r\n			<td>4</td>\r\n			<td colspan=\"5\">&nbsp;\r\n			<p>&nbsp;</p>\r\n\r\n			<p>Some measures of preventing value added tax from loss (VAT)B2004-01-34</p>\r\n			</td>\r\n			<td colspan=\"2\">Nguyen Thi Oanh</td>\r\n			<td>2004</td>\r\n			<td colspan=\"2\">2005</td>\r\n		</tr>\r\n		<tr>\r\n			<td>&nbsp;</td>\r\n			<td colspan=\"5\"><strong>2005</strong></td>\r\n			<td colspan=\"2\">&nbsp;</td>\r\n			<td>&nbsp;</td>\r\n			<td colspan=\"2\">&nbsp;</td>\r\n		</tr>\r\n		<tr>\r\n			<td>1</td>\r\n			<td colspan=\"5\">Current situation and solutions to the development of agroforestry system in Dong Hy district, Thai Nguyen provinceB2005- I8-01</td>\r\n			<td colspan=\"2\">Doan Quang Thieu</td>\r\n			<td>2005</td>\r\n			<td colspan=\"2\">2006</td>\r\n		</tr>\r\n		<tr>\r\n			<td>2</td>\r\n			<td colspan=\"5\">Building e-commerce application software on the LAN as a teaching tool<br />\r\n			B2005- I8-02</td>\r\n			<td colspan=\"2\">Tran Cong Nghiep</td>\r\n			<td>2005</td>\r\n			<td colspan=\"2\">2006</td>\r\n		</tr>\r\n		<tr>\r\n			<td>3</td>\r\n			<td colspan=\"5\">Current situation and directions in developing traditional handicraft industry in Phu Luong district, Thai Nguyen province in period 2005-2010<br />\r\n			B2005- I8-03</td>\r\n			<td colspan=\"2\">Nguyen Thi Binh</td>\r\n			<td>2005</td>\r\n			<td colspan=\"2\">2006</td>\r\n		</tr>\r\n		<tr>\r\n			<td>4</td>\r\n			<td colspan=\"5\">Current situation and solutions to poverty reduction for ethnic minorities in the mountainous areas in Thai Nguyen<br />\r\n			B2005- I8-04</td>\r\n			<td colspan=\"2\">Tran Chi Thien</td>\r\n			<td>2005</td>\r\n			<td colspan=\"2\">2006</td>\r\n		</tr>\r\n		<tr>\r\n			<td>5</td>\r\n			<td colspan=\"5\">Main solutions for the effective use of hilly land in Vo Nhai district, Thai Nguyen province<br />\r\n			B2005- I8-05</td>\r\n			<td colspan=\"2\">Ngo Xuan Hoang</td>\r\n			<td>2005</td>\r\n			<td colspan=\"2\">2006</td>\r\n		</tr>\r\n		<tr>\r\n			<td>&nbsp;</td>\r\n			<td colspan=\"5\"><strong>2006</strong></td>\r\n			<td colspan=\"2\">&nbsp;</td>\r\n			<td>&nbsp;</td>\r\n			<td colspan=\"2\">&nbsp;</td>\r\n		</tr>\r\n		<tr>\r\n			<td>1</td>\r\n			<td colspan=\"5\">A study on tea market in Thai Nguyen province<br />\r\n			B2006 &ndash; TN06 &ndash; 01</td>\r\n			<td colspan=\"2\">Do Thi Bac</td>\r\n			<td>2006</td>\r\n			<td colspan=\"2\">2007</td>\r\n		</tr>\r\n		<tr>\r\n			<td>2</td>\r\n			<td colspan=\"5\">Study on the competitiveness of tea products in non-state enterprises in Thai Nguyen provinceB2006 &ndash; TN06 &ndash; 02</td>\r\n			<td colspan=\"2\">Do Thi Thuy Phuong</td>\r\n			<td>2006</td>\r\n			<td colspan=\"2\">2007</td>\r\n		</tr>\r\n		<tr>\r\n			<td>3</td>\r\n			<td colspan=\"5\">Actual situation and solutions for the development of handicraft industries to increase the poor households&rsquo; income in Dinh Hoa district, Thai Nguyen provinceB2006 &ndash; TN06 &ndash; 03</td>\r\n			<td colspan=\"2\">Do Anh Tai</td>\r\n			<td>2006</td>\r\n			<td colspan=\"2\">2007</td>\r\n		</tr>\r\n		<tr>\r\n			<td>4</td>\r\n			<td colspan=\"5\">Evaluation of the effectiveness of credit sources for rural agriculture development in Phu Luong district, Thai Nguyen province<br />\r\n			B2006 &ndash; TN06 &ndash; 04</td>\r\n			<td colspan=\"2\">Tran Dinh Tuan</td>\r\n			<td>2006</td>\r\n			<td colspan=\"2\">2007</td>\r\n		</tr>\r\n		<tr>\r\n			<td>5</td>\r\n			<td colspan=\"5\">Evaluation of the efficiency of some rural industrial models in&nbsp; South Thai NguyenB2006 &ndash; TN06 &ndash; 05</td>\r\n			<td colspan=\"2\">Tran Van Dung</td>\r\n			<td>2006</td>\r\n			<td colspan=\"2\">2007</td>\r\n		</tr>\r\n		<tr>\r\n			<td>6</td>\r\n			<td colspan=\"5\">Study on the possibility of sustainable exploitation and utilization of some irrigation works in Dong Hy district, Thai Nguyen province<br />\r\n			B2006 &ndash; TN06 &ndash; 07</td>\r\n			<td colspan=\"2\">Pham Thi Ly</td>\r\n			<td>2006</td>\r\n			<td colspan=\"2\">2007</td>\r\n		</tr>\r\n		<tr>\r\n			<td>&nbsp;</td>\r\n			<td colspan=\"5\"><strong>2007</strong></td>\r\n			<td colspan=\"2\">&nbsp;</td>\r\n			<td>&nbsp;</td>\r\n			<td colspan=\"2\">&nbsp;</td>\r\n		</tr>\r\n		<tr>\r\n			<td>1</td>\r\n			<td colspan=\"5\">Foreign direct investment (FDI) with economic restructuring in Thai Nguyen province in the trend of international economic integrationB2007-TN06-01</td>\r\n			<td colspan=\"2\">Nguyen Tien Long</td>\r\n			<td>2007</td>\r\n			<td colspan=\"2\">2008</td>\r\n		</tr>\r\n		<tr>\r\n			<td>2</td>\r\n			<td colspan=\"5\">Assessment of the competitiveness of small and medium enterprises in Thai Nguyen province in the trend of international economic integrationB2007-TN06-02</td>\r\n			<td colspan=\"2\">Tran Quang Huy</td>\r\n			<td>2007</td>\r\n			<td colspan=\"2\">2008</td>\r\n		</tr>\r\n		<tr>\r\n			<td>3</td>\r\n			<td colspan=\"5\">Assessment of the impacts of urbanization on agricultural development in Thai Nguyen province<br />\r\n			B2007-TN06-03</td>\r\n			<td colspan=\"2\">Do Quang Quy</td>\r\n			<td>2007</td>\r\n			<td colspan=\"2\">2008</td>\r\n		</tr>\r\n		<tr>\r\n			<td>4</td>\r\n			<td colspan=\"5\">Developing service economy by improving product quality in service business enterprises in Thai Nguyen province: Initial application of tourism services and support servicesB2007-TN06-04</td>\r\n			<td colspan=\"2\">Hoang Thi Hue</td>\r\n			<td>2007</td>\r\n			<td colspan=\"2\">2008</td>\r\n		</tr>\r\n		<tr>\r\n			<td>5</td>\r\n			<td colspan=\"5\">Finalization of accounting work in small and medium producing and trading&nbsp; enterprises in Thai Nguyen cityB2007-TN06-05</td>\r\n			<td colspan=\"2\">Ma Thi Huong</td>\r\n			<td>2007</td>\r\n			<td colspan=\"2\">2008</td>\r\n		</tr>\r\n		<tr>\r\n			<td>6</td>\r\n			<td colspan=\"5\">Quality assurance of human resources in food manufacturing and processing enterprises in Thai Nguyen provinceB2007-TN06-06</td>\r\n			<td colspan=\"2\">Vo Thy Trang</td>\r\n			<td>2007</td>\r\n			<td colspan=\"2\">2008</td>\r\n		</tr>\r\n		<tr>\r\n			<td>&nbsp;</td>\r\n			<td colspan=\"5\"><strong>2008</strong></td>\r\n			<td colspan=\"2\">&nbsp;</td>\r\n			<td>&nbsp;</td>\r\n			<td colspan=\"2\">&nbsp;</td>\r\n		</tr>\r\n		<tr>\r\n			<td>1</td>\r\n			<td colspan=\"5\">Socio-economic measures to reduce poverty and improve living conditions of poor people in the mountainous areas of Thai Nguyen provinceB2008-TN06-01</td>\r\n			<td colspan=\"2\">Dong Van Dat</td>\r\n			<td>2008</td>\r\n			<td colspan=\"2\">2009</td>\r\n		</tr>\r\n		<tr>\r\n			<td>2</td>\r\n			<td colspan=\"5\">A study on sustainable cultivation efficiency on sloping land by terraced fields of the Mong ethnic minority in Mu Cang Chai district &ndash; Yen Bai province.B2008-TN06-02</td>\r\n			<td colspan=\"2\">Nguyen Thi Gam</td>\r\n			<td>2008</td>\r\n			<td colspan=\"2\">2009</td>\r\n		</tr>\r\n		<tr>\r\n			<td>3</td>\r\n			<td colspan=\"5\">Promoting tea production and its consumption towards sustainable development in Thai Nguyen provinceB2008-TN06-03</td>\r\n			<td colspan=\"2\">Ta Thi Thanh Huyen</td>\r\n			<td>2008</td>\r\n			<td colspan=\"2\">2009</td>\r\n		</tr>\r\n		<tr>\r\n			<td>4</td>\r\n			<td colspan=\"5\">Some key solutions to agricultural economic development in Pho Yen district &ndash; Thai Nguyen\r\n			<p>&nbsp;</p>\r\n\r\n			<p>B2008-TN06-04</p>\r\n			</td>\r\n			<td colspan=\"2\">Nguyen Khanh Doanh</td>\r\n			<td>2008</td>\r\n			<td colspan=\"2\">2009</td>\r\n		</tr>\r\n		<tr>\r\n			<td>5</td>\r\n			<td colspan=\"5\">Risk management of industrial development loans of Thai Nguyen commercial banks<br />\r\n			B2008-TN06-05</td>\r\n			<td colspan=\"2\">Vu Thi Hau</td>\r\n			<td>2008</td>\r\n			<td colspan=\"2\">2009</td>\r\n		</tr>\r\n		<tr>\r\n			<td>&nbsp;</td>\r\n			<td colspan=\"5\"><strong>2009</strong></td>\r\n			<td colspan=\"2\">&nbsp;</td>\r\n			<td>&nbsp;</td>\r\n			<td colspan=\"2\">&nbsp;</td>\r\n		</tr>\r\n		<tr>\r\n			<td>1</td>\r\n			<td colspan=\"5\">Analysis of the current situation and proposed solutions to enhance foreign investment attraction in rural agriculture in Bac Kan province.<br />\r\n			B2009-TN06-01</td>\r\n			<td colspan=\"2\">Tran Chi Thien</td>\r\n			<td>2009</td>\r\n			<td colspan=\"2\">2010</td>\r\n		</tr>\r\n		<tr>\r\n			<td>2</td>\r\n			<td colspan=\"5\">Studying and developing criteria on rural areas in Bac Kan provinceB2009-TN06-02</td>\r\n			<td colspan=\"2\">Doan Quang Thieu</td>\r\n			<td>2009</td>\r\n			<td colspan=\"2\">2010</td>\r\n		</tr>\r\n		<tr>\r\n			<td>3</td>\r\n			<td colspan=\"5\">A study on the development of private economy in the process of industrialization &ndash; modernization and international economic integration in Thai Nguyen province.B2009-TN06-03</td>\r\n			<td colspan=\"2\">Tran Dinh Tuan</td>\r\n			<td>2009</td>\r\n			<td colspan=\"2\">2010</td>\r\n		</tr>\r\n		<tr>\r\n			<td>4</td>\r\n			<td colspan=\"5\">Developing strategies to use basic resources for agro-forestry development in Dinh Hoa district, Thai Nguyen province for the period 2010-2020.<br />\r\n			B2009-TN06-04</td>\r\n			<td colspan=\"2\">Dam Thanh Thuy</td>\r\n			<td>2009</td>\r\n			<td colspan=\"2\">2010</td>\r\n		</tr>\r\n		<tr>\r\n			<td>5</td>\r\n			<td colspan=\"5\">Some solutions to improve the efficiency of agricultural land use in Yen Bai province for the period 2012-2020<br />\r\n			B2009-TN06-05</td>\r\n			<td colspan=\"2\">Bui Nu Hoang Anh</td>\r\n			<td>2009</td>\r\n			<td colspan=\"2\">2010</td>\r\n		</tr>\r\n		<tr>\r\n			<td>6</td>\r\n			<td colspan=\"5\">Some solutions to improve the living standards of farmers in Thai Nguyen provinceB2009-TN06-06</td>\r\n			<td colspan=\"2\">Nguyen Thi Yen</td>\r\n			<td>2009</td>\r\n			<td colspan=\"2\">2010</td>\r\n		</tr>\r\n		<tr>\r\n			<td>7</td>\r\n			<td colspan=\"5\">Current situation of human resource development of small and medium enterprises in Thai Nguyen provinceB2009-TN06-07</td>\r\n			<td colspan=\"2\">Nguyen Thi Lan Anh</td>\r\n			<td>2009</td>\r\n			<td colspan=\"2\">2010</td>\r\n		</tr>\r\n		<tr>\r\n			<td>8</td>\r\n			<td colspan=\"5\">A study on the impacts of forest management on the economic life of the people in ATK area of ​​Dinh Hoa districtB2009-TN01-03</td>\r\n			<td colspan=\"2\">Do Anh Tai</td>\r\n			<td>2009</td>\r\n			<td colspan=\"2\">2010</td>\r\n		</tr>\r\n		<tr>\r\n			<td>&nbsp;</td>\r\n			<td colspan=\"5\"><strong>2010</strong></td>\r\n			<td colspan=\"2\">&nbsp;</td>\r\n			<td>&nbsp;</td>\r\n			<td colspan=\"2\">&nbsp;</td>\r\n		</tr>\r\n		<tr>\r\n			<td>1</td>\r\n			<td colspan=\"5\">Study on qualitative concepts and proposed algorithms to approximate Cauchy problem of the system of differential equations of level 2B2010-TN05-01</td>\r\n			<td colspan=\"2\">Nguyen Van Minh</td>\r\n			<td>2010</td>\r\n			<td colspan=\"2\">2011</td>\r\n		</tr>\r\n		<tr>\r\n			<td>2</td>\r\n			<td colspan=\"5\">Key economic-organizational solutions to ensure food security solution in Bac KanB2010-TN05-02</td>\r\n			<td colspan=\"2\">Do Thi Bac</td>\r\n			<td>2010</td>\r\n			<td colspan=\"2\">2011</td>\r\n		</tr>\r\n		<tr>\r\n			<td>3</td>\r\n			<td colspan=\"5\">Solutions to create jobs and increase income for laborers in rural areas of Thai Nguyen provinceB2010-TN05-03</td>\r\n			<td colspan=\"2\">Dong Van Tuan</td>\r\n			<td>2010</td>\r\n			<td colspan=\"2\">2011</td>\r\n		</tr>\r\n		<tr>\r\n			<td>4</td>\r\n			<td colspan=\"5\">Relationship between investment and growth quality of Thai Nguyen province for the period 2005-2010 &ndash; forecasts and recommendations.B2010-TN05-04</td>\r\n			<td colspan=\"2\">Tran Quang Huy</td>\r\n			<td>2010</td>\r\n			<td colspan=\"2\">2011</td>\r\n		</tr>\r\n		<tr>\r\n			<td>&nbsp;</td>\r\n			<td colspan=\"5\"><strong>&nbsp;2013</strong></td>\r\n			<td colspan=\"2\">&nbsp;</td>\r\n			<td>&nbsp;</td>\r\n			<td colspan=\"2\">&nbsp;</td>\r\n		</tr>\r\n		<tr>\r\n			<td>1</td>\r\n			<td colspan=\"5\">Restructuring key exports of the Northeast Vietnam<br />\r\n			B2013-TN06-01</td>\r\n			<td colspan=\"2\">Nguyen Tien Long</td>\r\n			<td>2013</td>\r\n			<td colspan=\"2\">2014</td>\r\n		</tr>\r\n		<tr>\r\n			<td>&nbsp;</td>\r\n			<td colspan=\"5\"><strong>&nbsp;2014</strong></td>\r\n			<td colspan=\"2\">&nbsp;</td>\r\n			<td>&nbsp;</td>\r\n			<td colspan=\"2\">&nbsp;</td>\r\n		</tr>\r\n		<tr>\r\n			<td>1</td>\r\n			<td colspan=\"5\">Evaluation on the impacts of forest management and protection policies on the development of forest capital in the mountainous areas of Northeastern VietnamB2014-TN06-01</td>\r\n			<td colspan=\"2\">Tran Dinh Tuan</td>\r\n			<td>2014</td>\r\n			<td colspan=\"2\">2015</td>\r\n		</tr>\r\n		<tr>\r\n			<td>2</td>\r\n			<td colspan=\"5\">A study on the satisfaction of tourists towards the service quality in the tourist areas in the North &ndash; Through studying some key tourist areasB2014-TN06-02</td>\r\n			<td colspan=\"2\">Nguyen Khanh Doanh</td>\r\n			<td>2014</td>\r\n			<td colspan=\"2\">2015</td>\r\n		</tr>\r\n		<tr>\r\n			<td>&nbsp;</td>\r\n			<td colspan=\"5\"><strong>2016</strong></td>\r\n			<td colspan=\"2\">&nbsp;</td>\r\n			<td>&nbsp;</td>\r\n			<td colspan=\"2\">&nbsp;</td>\r\n		</tr>\r\n		<tr>\r\n			<td>1</td>\r\n			<td colspan=\"5\">Responding to Climate Change in the Northeast of VietnamB2016-TNA-22</td>\r\n			<td colspan=\"2\">Bui Thi Minh Hang</td>\r\n			<td>2016</td>\r\n			<td colspan=\"2\">2017</td>\r\n		</tr>\r\n		<tr>\r\n			<td colspan=\"6\"><strong>III. Thai Nguyen University-level projects</strong></td>\r\n			<td colspan=\"2\">&nbsp;</td>\r\n			<td>&nbsp;</td>\r\n			<td colspan=\"2\">&nbsp;</td>\r\n		</tr>\r\n		<tr>\r\n			<td colspan=\"4\">&nbsp;</td>\r\n			<td colspan=\"2\">&nbsp;</td>\r\n			<td colspan=\"2\">&nbsp;</td>\r\n			<td>&nbsp;</td>\r\n			<td colspan=\"2\">&nbsp;</td>\r\n		</tr>\r\n		<tr>\r\n			<td colspan=\"4\" rowspan=\"2\"><strong>No.</strong></td>\r\n			<td colspan=\"2\" rowspan=\"2\"><strong>Title and code of projects</strong></td>\r\n			<td colspan=\"2\" rowspan=\"2\"><strong>Project managers</strong></td>\r\n			<td colspan=\"3\"><strong>Duration</strong></td>\r\n		</tr>\r\n		<tr>\r\n			<td><strong>Startingtime</strong></td>\r\n			<td colspan=\"2\"><strong>Closing time</strong></td>\r\n		</tr>\r\n		<tr>\r\n			<td colspan=\"4\">&nbsp;</td>\r\n			<td colspan=\"2\"><strong>2011</strong></td>\r\n			<td colspan=\"2\">&nbsp;</td>\r\n			<td>&nbsp;</td>\r\n			<td colspan=\"2\">&nbsp;</td>\r\n		</tr>\r\n		<tr>\r\n			<td colspan=\"4\">1</td>\r\n			<td colspan=\"2\">Assessing the economic efficiency of tea production of farmer households in Thai Nguyen province in the context of input price fluctuation.ĐH2011-TN06-01</td>\r\n			<td colspan=\"2\">Nguyen Phuong Hao</td>\r\n			<td>2011</td>\r\n			<td colspan=\"2\">2012</td>\r\n		</tr>\r\n		<tr>\r\n			<td colspan=\"4\">2</td>\r\n			<td colspan=\"2\">A study on the optimal plan for the exploitation of renewable energy sources in VietnamĐH2011-TN06-02</td>\r\n			<td colspan=\"2\">Pham Thi Thanh Mai</td>\r\n			<td>2011</td>\r\n			<td colspan=\"2\">2012</td>\r\n		</tr>\r\n		<tr>\r\n			<td colspan=\"4\">3</td>\r\n			<td colspan=\"2\">A study on the stability and stabilization of the discrete and delayed equationsĐH2011-TN06-03</td>\r\n			<td colspan=\"2\">Tran Nguyen Binh</td>\r\n			<td>2011</td>\r\n			<td colspan=\"2\">2012</td>\r\n		</tr>\r\n		<tr>\r\n			<td colspan=\"4\">&nbsp;</td>\r\n			<td colspan=\"2\"><strong>2012</strong></td>\r\n			<td colspan=\"2\">&nbsp;</td>\r\n			<td>&nbsp;</td>\r\n			<td colspan=\"2\">&nbsp;</td>\r\n		</tr>\r\n		<tr>\r\n			<td colspan=\"4\">1</td>\r\n			<td colspan=\"2\">Impacts of Rural tourism development to poverty alleviation in the NorthwestĐH2012-TN06-01</td>\r\n			<td colspan=\"2\">Nguyen Thi My Hanh</td>\r\n			<td>2012</td>\r\n			<td colspan=\"2\">2013</td>\r\n		</tr>\r\n		<tr>\r\n			<td colspan=\"4\">2</td>\r\n			<td colspan=\"2\">Some measures to eradicate poverty and improve the life quality of ethnic minorities in Thai Nguyen provinceĐH2012-TN06-02</td>\r\n			<td colspan=\"2\">Nguyen Thi Gam</td>\r\n			<td>2012</td>\r\n			<td colspan=\"2\">2013</td>\r\n		</tr>\r\n		<tr>\r\n			<td colspan=\"4\">3</td>\r\n			<td colspan=\"2\">Conservation and sustainable development of traditional crafts in the villages of Thai Nguyen province<br />\r\n			ĐH2012-TN06-03</td>\r\n			<td colspan=\"2\">Nguyen Thi Yen</td>\r\n			<td>2012</td>\r\n			<td colspan=\"2\">2013</td>\r\n		</tr>\r\n		<tr>\r\n			<td colspan=\"4\">4</td>\r\n			<td colspan=\"2\">Developing cost management accounting model in steel production enterprises in Thai Nguyen provinceĐH2012-TN06-04</td>\r\n			<td colspan=\"2\">Nguyen Phuong Hao</td>\r\n			<td>2012</td>\r\n			<td colspan=\"2\">2013</td>\r\n		</tr>\r\n		<tr>\r\n			<td colspan=\"4\">5</td>\r\n			<td colspan=\"2\">Impacts of protection of intellectual property rights in foreign countries on exports of ASEAN countriesĐH2012-TN06-05</td>\r\n			<td colspan=\"2\">Tran Nhuan Kien</td>\r\n			<td>2012</td>\r\n			<td colspan=\"2\">2013</td>\r\n		</tr>\r\n		<tr>\r\n			<td colspan=\"4\">&nbsp;</td>\r\n			<td colspan=\"2\"><strong>2013</strong></td>\r\n			<td colspan=\"2\">&nbsp;</td>\r\n			<td>&nbsp;</td>\r\n			<td colspan=\"2\">&nbsp;</td>\r\n		</tr>\r\n		<tr>\r\n			<td colspan=\"4\">1</td>\r\n			<td colspan=\"2\">Solutions to sustainable trade development in Thai Nguyen provinceĐH2013-TN06-01</td>\r\n			<td colspan=\"2\">Duong Thi Tinh</td>\r\n			<td>2013</td>\r\n			<td colspan=\"2\">2014</td>\r\n		</tr>\r\n		<tr>\r\n			<td colspan=\"4\">2</td>\r\n			<td colspan=\"2\">Evaluation of supply chain management activities in the tourism companies of Thai Nguyen provinceĐH2013-TN06-02</td>\r\n			<td colspan=\"2\">Nguyen Tu Anh</td>\r\n			<td>2013</td>\r\n			<td colspan=\"2\">2014</td>\r\n		</tr>\r\n		<tr>\r\n			<td colspan=\"4\">3</td>\r\n			<td colspan=\"2\">Impacts on investment and economic restructuring of Thai Nguyen province to 2020ĐH2013-TN06-03</td>\r\n			<td colspan=\"2\">Dam Phuong Lan</td>\r\n			<td>2013</td>\r\n			<td colspan=\"2\">2014</td>\r\n		</tr>\r\n		<tr>\r\n			<td colspan=\"4\">4</td>\r\n			<td colspan=\"2\">Improvement of the competitiveness of tea producing cooperatives in Thai Nguyen in the context of international integration<br />\r\n			ĐH2013-TN06-04</td>\r\n			<td colspan=\"2\">Do Thi Thuy Phuong</td>\r\n			<td>2013</td>\r\n			<td colspan=\"2\">2014</td>\r\n		</tr>\r\n		<tr>\r\n			<td colspan=\"4\">&nbsp;</td>\r\n			<td colspan=\"2\"><strong>2014</strong></td>\r\n			<td colspan=\"2\">&nbsp;</td>\r\n			<td>&nbsp;</td>\r\n			<td colspan=\"2\">&nbsp;</td>\r\n		</tr>\r\n		<tr>\r\n			<td colspan=\"4\">1</td>\r\n			<td colspan=\"2\">Promoting the value of business culture in sustainable development in Thai Nguyen province for the period 2013-2020\r\n			<p>&nbsp;</p>\r\n\r\n			<p>ĐH2014-TN06-01</p>\r\n			</td>\r\n			<td colspan=\"2\">Ngo Thi Tan Huong</td>\r\n			<td>2014</td>\r\n			<td colspan=\"2\">2015</td>\r\n		</tr>\r\n		<tr>\r\n			<td colspan=\"4\">2</td>\r\n			<td colspan=\"2\">Developing the brand image of Thai Nguyen University &ndash; a case study at the University of Economics and Business Administration.ĐH2014-TN06-02</td>\r\n			<td colspan=\"2\">Duong Thanh Ha</td>\r\n			<td>2014</td>\r\n			<td colspan=\"2\">2015</td>\r\n		</tr>\r\n		<tr>\r\n			<td colspan=\"4\">3</td>\r\n			<td colspan=\"2\">Factors affecting Vietnam&rsquo;s agricultural exportsĐH2014-TN06-03</td>\r\n			<td colspan=\"2\">Ngo Thi My</td>\r\n			<td>2014</td>\r\n			<td colspan=\"2\">2015</td>\r\n		</tr>\r\n		<tr>\r\n			<td colspan=\"4\">4</td>\r\n			<td colspan=\"2\">Evaluation of the operational efficiency of commercial bank branches in Thai Nguyen province: Access to the data envelopment analysis modelĐH2014-TN06-04</td>\r\n			<td colspan=\"2\">Do Dinh Long</td>\r\n			<td>2014</td>\r\n			<td colspan=\"2\">2015</td>\r\n		</tr>\r\n		<tr>\r\n			<td colspan=\"4\">5</td>\r\n			<td colspan=\"2\">Establishing evaluation criteria on the performance of human resource management and use in garment enterprises in Thai Nguyen province in the direction of operational audit.ĐH2014-TN06-05</td>\r\n			<td colspan=\"2\">Duong Phuong Thao</td>\r\n			<td>2014</td>\r\n			<td colspan=\"2\">2015</td>\r\n		</tr>\r\n		<tr>\r\n			<td colspan=\"4\">6</td>\r\n			<td colspan=\"2\">Evaluation of ATM card services quality of the joint stock commercial banks in Thai Nguyen.ĐH2014-TN06-06</td>\r\n			<td colspan=\"2\">Ha Thi Thanh Hoa</td>\r\n			<td>2014</td>\r\n			<td colspan=\"2\">2015</td>\r\n		</tr>\r\n		<tr>\r\n			<td colspan=\"4\">7</td>\r\n			<td colspan=\"2\">Improving the general physical development system for students of universities of Thai Nguyen UniversityĐH2014-TN06-07</td>\r\n			<td colspan=\"2\">Nguyen Tien Lam</td>\r\n			<td>2014</td>\r\n			<td colspan=\"2\">2015</td>\r\n		</tr>\r\n		<tr>\r\n			<td colspan=\"4\">8</td>\r\n			<td colspan=\"2\">Study on the linkage model between households and enterprises in processing and using medicinal products in the northern mountainous region of Vietnam.ĐH2014-TN06-09</td>\r\n			<td colspan=\"2\">Pham Van Hanh</td>\r\n			<td>2014</td>\r\n			<td colspan=\"2\">2015</td>\r\n		</tr>\r\n		<tr>\r\n			<td colspan=\"4\">9</td>\r\n			<td colspan=\"2\">Health care support for ethnic minorities in the Northern mountainous areas in Vietnam<br />\r\n			ĐH2014-TN06-10</td>\r\n			<td colspan=\"2\">Hoang Thi Thu</td>\r\n			<td>2014</td>\r\n			<td colspan=\"2\">2015</td>\r\n		</tr>\r\n		<tr>\r\n			<td colspan=\"4\">10</td>\r\n			<td colspan=\"2\">Health care management for ethnic minorities in the Northern mountainous areas in Vietnam<br />\r\n			ĐH2014-TN06-13</td>\r\n			<td colspan=\"2\">Pham Ngoc Van</td>\r\n			<td>2014</td>\r\n			<td colspan=\"2\">2015</td>\r\n		</tr>\r\n		<tr>\r\n			<td colspan=\"4\">11</td>\r\n			<td colspan=\"2\">Improving the quality of medical services for ethnic minoritiesĐH2014-TN06-14</td>\r\n			<td colspan=\"2\">Nguyen Thi Lan Anh</td>\r\n			<td>2014</td>\r\n			<td colspan=\"2\">2015</td>\r\n		</tr>\r\n		<tr>\r\n			<td colspan=\"4\">12</td>\r\n			<td colspan=\"2\">Health insurance premium for the ethnic minorities at the mountainous commune health stations of Thai Nguyen provinceĐH2014-TN06-08</td>\r\n			<td colspan=\"2\">Hoang Vawn Hai</td>\r\n			<td>2014</td>\r\n			<td colspan=\"2\">2015</td>\r\n		</tr>\r\n		<tr>\r\n			<td colspan=\"4\">13</td>\r\n			<td colspan=\"2\">Effectiveness of some production models of medicinal plants contributing to poverty alleviation of ethnic minorities in some Northern mountainous areas in Vietnam.ĐH2014-TN06-11</td>\r\n			<td colspan=\"2\">Do Quang quy</td>\r\n			<td>2014</td>\r\n			<td colspan=\"2\">2015</td>\r\n		</tr>\r\n		<tr>\r\n			<td colspan=\"4\">14</td>\r\n			<td colspan=\"2\">Health care needs of ethnic minorities in some Northern mountainous areas in Vietnam.ĐH2014-TN06-12</td>\r\n			<td colspan=\"2\">Bui Nu Hoang Anh</td>\r\n			<td>2014</td>\r\n			<td colspan=\"2\">2015</td>\r\n		</tr>\r\n		<tr>\r\n			<td colspan=\"4\">&nbsp;</td>\r\n			<td colspan=\"2\"><strong>2015</strong></td>\r\n			<td colspan=\"2\">&nbsp;</td>\r\n			<td>&nbsp;</td>\r\n			<td colspan=\"2\">&nbsp;</td>\r\n		</tr>\r\n		<tr>\r\n			<td colspan=\"4\">1</td>\r\n			<td colspan=\"2\">Strengthening the cooperation between steel enterprises in Thai Nguyen province<br />\r\n			ĐH2015-TN08-01</td>\r\n			<td colspan=\"2\">Do Thi Thuy Phuong</td>\r\n			<td>2015</td>\r\n			<td colspan=\"2\">2016</td>\r\n		</tr>\r\n		<tr>\r\n			<td colspan=\"4\">2</td>\r\n			<td colspan=\"2\">Accounting Responsibility of public hospitals under the Ministry of Health in VietnamĐH2015-TN08-02</td>\r\n			<td colspan=\"2\">Nguyen Thi Lan Anh</td>\r\n			<td>2015</td>\r\n			<td colspan=\"2\">2016</td>\r\n		</tr>\r\n		<tr>\r\n			<td colspan=\"4\">3</td>\r\n			<td colspan=\"2\">Factors affecting the sustainable livelihood of the people in Son La hydropower project resettlement site<br />\r\n			ĐH2015-TN08-03</td>\r\n			<td colspan=\"2\">Nguyen Thi Thanh Huyen</td>\r\n			<td>2015</td>\r\n			<td colspan=\"2\">2016</td>\r\n		</tr>\r\n		<tr>\r\n			<td colspan=\"4\">4</td>\r\n			<td colspan=\"2\">Use of GMM model to analyze Vietnam&rsquo;s garment exportĐH2015-TN08-04</td>\r\n			<td colspan=\"2\">Pham Thuy Linh. student</td>\r\n			<td>2015</td>\r\n			<td colspan=\"2\">2016</td>\r\n		</tr>\r\n		<tr>\r\n			<td colspan=\"4\">5</td>\r\n			<td colspan=\"2\">Improving the efficiency of the practice of livelihood capital of Bac Kan farmer householdsĐH2015-TN08-05</td>\r\n			<td colspan=\"2\">Nguyen Van Cong</td>\r\n			<td>2015</td>\r\n			<td colspan=\"2\">2016</td>\r\n		</tr>\r\n		<tr>\r\n			<td colspan=\"4\">6</td>\r\n			<td colspan=\"2\">Solutions in the promotion of labor export to solve the rural workers in the Northern mountainous area of VietnamĐH2015-TN08-06</td>\r\n			<td colspan=\"2\">Hoang Thi Hue</td>\r\n			<td>2015</td>\r\n			<td colspan=\"2\">2016</td>\r\n		</tr>\r\n		<tr>\r\n			<td colspan=\"4\">7</td>\r\n			<td colspan=\"2\">Impacts of banking service quality on the customers&rsquo; satisfaction and loyalty in some Northern Midland provincesĐH2015-TN08-07</td>\r\n			<td colspan=\"2\">Nguyen Thi Gam</td>\r\n			<td>2015</td>\r\n			<td colspan=\"2\">2016</td>\r\n		</tr>\r\n		<tr>\r\n			<td colspan=\"4\">8</td>\r\n			<td colspan=\"2\">Economic restructuring towards sustainable development in Thai Nguyen provinceĐH2015-TN08-08</td>\r\n			<td colspan=\"2\">Pham Thi Nga</td>\r\n			<td>2015</td>\r\n			<td colspan=\"2\">2016</td>\r\n		</tr>\r\n		<tr>\r\n			<td colspan=\"4\">9</td>\r\n			<td colspan=\"2\">Monotone iterative method for solving some nonlinear boundary problems<br />\r\n			ĐH2015-TN08-09</td>\r\n			<td colspan=\"2\">Ngo Thi Kim Quy</td>\r\n			<td>2015</td>\r\n			<td colspan=\"2\">2016</td>\r\n		</tr>\r\n		<tr>\r\n			<td colspan=\"4\">10</td>\r\n			<td colspan=\"2\">Optimal condition of some planning problems on the use of single machine model and the parallel machine modelĐH2015-TN08-10</td>\r\n			<td colspan=\"2\">Pham Hong Truong</td>\r\n			<td>2015</td>\r\n			<td colspan=\"2\">2016</td>\r\n		</tr>\r\n		<tr>\r\n			<td colspan=\"4\">11</td>\r\n			<td colspan=\"2\">Study on the relationship between capital structure and competitiveness of steel enterprises in Vietnam.ĐH2015-TN08-11</td>\r\n			<td colspan=\"2\">Do Kim Du</td>\r\n			<td>2015</td>\r\n			<td colspan=\"2\">2016</td>\r\n		</tr>\r\n		<tr>\r\n			<td colspan=\"4\">12</td>\r\n			<td colspan=\"2\">Solutions on restructuring corporate finance of the cement industry. Listed at Hanoi Stock ExchangeĐH2015-TN08-12</td>\r\n			<td colspan=\"2\">Nguyen Viet Dung</td>\r\n			<td>2015</td>\r\n			<td colspan=\"2\">2016</td>\r\n		</tr>\r\n		<tr>\r\n			<td colspan=\"4\">13</td>\r\n			<td colspan=\"2\">Analysis of factors affecting the decision of selecting credit institutions of individual customers in Thai Nguyen provinceĐH2015-TN08-13</td>\r\n			<td colspan=\"2\">Nguyen Ngoc Ly</td>\r\n			<td>2015</td>\r\n			<td colspan=\"2\">2016</td>\r\n		</tr>\r\n		<tr>\r\n			<td colspan=\"4\">14</td>\r\n			<td colspan=\"2\">Analysis of factors affecting sustainable economic growth in Northeast VietnamĐH2015-TN08-14</td>\r\n			<td colspan=\"2\">Hoang Thi Thu</td>\r\n			<td>2015</td>\r\n			<td colspan=\"2\">2016</td>\r\n		</tr>\r\n		<tr>\r\n			<td colspan=\"4\">15</td>\r\n			<td colspan=\"2\">Addressing the lack of productive land and employment for poor ethnic minorities in Ha Giang and Lang Son provinces.<br />\r\n			ĐH2015-TN08-05</td>\r\n			<td colspan=\"2\">Tran Van Quyet</td>\r\n			<td>2015</td>\r\n			<td colspan=\"2\">2016</td>\r\n		</tr>\r\n		<tr>\r\n			<td colspan=\"4\">&nbsp;</td>\r\n			<td colspan=\"2\"><strong>2016</strong></td>\r\n			<td colspan=\"2\">&nbsp;</td>\r\n			<td>&nbsp;</td>\r\n			<td colspan=\"2\">&nbsp;</td>\r\n		</tr>\r\n		<tr>\r\n			<td colspan=\"4\">1</td>\r\n			<td colspan=\"2\">Environmental management accounting at steel enterprises in Thai Nguyen provinceĐH2016-TN08-01</td>\r\n			<td colspan=\"2\">Nguyen Thi Nga</td>\r\n			<td>2016</td>\r\n			<td colspan=\"2\">2017</td>\r\n		</tr>\r\n		<tr>\r\n			<td colspan=\"4\">2</td>\r\n			<td colspan=\"2\">Analysis of some factors affecting employee satisfaction on social accountability of small and medium industrial enterprises in Thai Nguyen ProvinceĐH2016-TN08-02</td>\r\n			<td colspan=\"2\">Bui Thi Thu Huong</td>\r\n			<td>2016</td>\r\n			<td colspan=\"2\">2017</td>\r\n		</tr>\r\n		<tr>\r\n			<td colspan=\"4\">3</td>\r\n			<td colspan=\"2\">Impact of foreign direct investment on urban and rural income inequality in Viet Nam<br />\r\n			ĐH2016-TN08-03</td>\r\n			<td colspan=\"2\">Nguyen Ngoc Hoa</td>\r\n			<td>2016</td>\r\n			<td colspan=\"2\">2017</td>\r\n		</tr>\r\n		<tr>\r\n			<td colspan=\"4\">4</td>\r\n			<td colspan=\"2\">Application of cost accounting methodology by operating the level of non-human foodstuff producers in &nbsp;Northern VietnamĐH2016-TN08-04</td>\r\n			<td colspan=\"2\">Dam Phuong Lan</td>\r\n			<td>2016</td>\r\n			<td colspan=\"2\">2017</td>\r\n		</tr>\r\n		<tr>\r\n			<td colspan=\"4\">5</td>\r\n			<td colspan=\"2\">Analysis of the factors affecting the quality of health care service of the medical insurance in Pho Yen district, Thai Nguyen provinceĐH2016-TN08-05</td>\r\n			<td colspan=\"2\">Nguyen Thi Thu</td>\r\n			<td>2016</td>\r\n			<td colspan=\"2\">2017</td>\r\n		</tr>\r\n		<tr>\r\n			<td colspan=\"4\">6</td>\r\n			<td colspan=\"2\">Completing the management accounting information system at tea exporting enterprises in Thai Nguyen provinceĐH2016-TN08-06</td>\r\n			<td colspan=\"2\">Tran Thi Nhung</td>\r\n			<td>2016</td>\r\n			<td colspan=\"2\">2017</td>\r\n		</tr>\r\n		<tr>\r\n			<td colspan=\"4\">7</td>\r\n			<td colspan=\"2\">Analysis of the factors affecting the investment capital attraction of enterprises in industrial zones in Thai Nguyen provinceĐH2016-TN08-07</td>\r\n			<td colspan=\"2\">Dang Phi Truong</td>\r\n			<td>2016</td>\r\n			<td colspan=\"2\">2017</td>\r\n		</tr>\r\n		<tr>\r\n			<td colspan=\"4\">8</td>\r\n			<td colspan=\"2\">Controlling the profiteer misconduct of market dominating enterprises in accordance with Vietnam&rsquo;s current competition law.ĐH2016-TN08-08</td>\r\n			<td colspan=\"2\">Tran Thuy Linh</td>\r\n			<td>2016</td>\r\n			<td colspan=\"2\">2017</td>\r\n		</tr>\r\n		<tr>\r\n			<td colspan=\"4\">9</td>\r\n			<td colspan=\"2\">Factors affecting the development of medium and small enterprises in Thai Nguyen province<br />\r\n			ĐH2016-TN08-09</td>\r\n			<td colspan=\"2\">Le Ngoc Nuong</td>\r\n			<td>2016</td>\r\n			<td colspan=\"2\">2017</td>\r\n		</tr>\r\n	</tbody>\r\n</table>\r\n', 31, 0, 2, 1, 1, 2);
INSERT INTO `bangtin` (`idTin`, `TieuDe`, `TieuDe_KhongDau`, `TomTat`, `urlHinh`, `Ngay`, `idUser`, `Content`, `idTL`, `idTL2`, `SoLanXem`, `TinNoiBat`, `AnHien`, `thutu`) VALUES
(72, 'EVENT “ WARM WINTER 2021” FOR TUEBA STUDENTS', 'Event-“-Warm-Winter-2021”-For-Tueba-Students', '', '1-1361958963-1120183563.jpg', '2021-01-04', 2, '<p>On 27 January 2021, The Youth Union accompanied with Student Affair organized the &ldquo;Warm winter 2021&rdquo; program for students in order to respond to the &ldquo; The Youth contribute to community&rdquo; movement.</p>\r\n\r\n<p><img src=\"http://tueba.edu.vn//uploads/2020/1-1361958963.jpg\" /></p>\r\n\r\n<p>The events witnessed the appearance of Assoc. Prof. Tran Nhuan Kien &ndash; Vice Rector; Dr. Tran Luong Duc &ndash; Head of Student Affairs Department, leaders of Faculties, International Training Institution, Youth Union and more than 40 vulnerable students.</p>\r\n\r\n<p><img src=\"http://tueba.edu.vn//uploads/2020/2-1242211402.jpg\" /></p>\r\n\r\n<p>This event belongs to a charity activity chain of Winter Season which attracts interest and support from the Party Committee, Administrative Board, staffs, lecturers, and students.&nbsp; At the event, 40 presents valued at 20 million given to poverty students of TUEBA?</p>\r\n\r\n<p><img src=\"http://tueba.edu.vn//uploads/2020/3-191317367.jpg\" /></p>\r\n\r\n<p><img src=\"http://tueba.edu.vn//uploads/2020/4-1590238159.jpg\" /></p>\r\n\r\n<p>Students Do Thanh Hoa &ndash; K15 &ndash; KTTH C is a fatherless child while her mother has a low income, but she always tries her best in studying. She got excellent results and Students with 5 good merits award. In her speech, &nbsp;she expressed her emotion and gratitude to the Party Committee, Administrative Board, The Youth Student, and other lecturers for their interest, support.</p>\r\n\r\n<p><img src=\"http://tueba.edu.vn//uploads/2020/5-1680186904.jpg\" /></p>\r\n\r\n<p><img src=\"http://tueba.edu.vn//uploads/2020/6-107107149.jpg\" /></p>\r\n\r\n<p>This is a significant event that the Youth Union specially organized for TUEBA vulnerable students in order to encourage them in studying. The organizing committee hopes that all of the students try their best to overcome all challenges in life as well as in study and become Economic bachelors who contribute to the development of their homeland and Vietnam.</p>\r\n\r\n<p><img src=\"http://tueba.edu.vn//uploads/2020/7-1593942652.jpg\" /></p>\r\n\r\n<p><img src=\"http://tueba.edu.vn//uploads/2020/9-576492520.jpg\" /></p>\r\n\r\n<p><img src=\"http://tueba.edu.vn//uploads/2020/12-874189237.jpg\" /></p>\r\n', 1, 0, 21, 1, 1, 0),
(73, 'MEETING FOREIGN STUDENTS BEFORE TET HOLIDAY IN 2021', 'Meeting-Foreign-Students-Before-Tet-Holiday-In-2021', '', '1-1083867500.jpg', '2021-02-04', 2, '<p>To welcome Tet holiday, in the afternoon of February 02<sup>nd</sup>,2021, Thai Nguyen University of Economics and Business Administration organized a ceremony for &nbsp;33 foreign students who will stay at the dormitory during Tet because of the COVID -19.<img src=\"https://tueba.edu.vn//uploads/2020/1-954108505.jpg\" /></p>\r\n\r\n<p>The event witnessed the appearance of Mr. Nguyen Xuan Khoat &ndash; Head of Truong Son &ndash; Ho Chi Minh Road traditional Association, Thai Nguyen Province; Mr. Nguyen Manh Thang &ndash; standing member of Viet Nam &ndash; Lao Friendship Association, Deputy Head of Truong Son &ndash; Ho Chi Minh Road traditional Association, Mr. Nguyen Sy Mui &ndash; Journalist,&nbsp; Member of Truong Son &ndash; Ho Chi Minh Road traditional Association. On behalf of TUEBA, there were Assoc. Prof. Tran Nhuan Kien &ndash; Vice Rector, Assoc &ndash; Prof. Tran Van Quyet &ndash; Head, Department of Science &ndash; Technology and International Cooperation; leaders of Faculty and foreign students.</p>\r\n\r\n<p><img src=\"https://tueba.edu.vn//uploads/2020/2-381449345.jpg\" /></p>\r\n\r\n<p><img src=\"https://tueba.edu.vn//uploads/2020/3-1752637624.jpg\" /></p>\r\n\r\n<p>On the occasion of Tet Holiday, Assoc. Prof. Tran Nhuan Kien &ndash; Vice Rector, on behalf of TUEBA,&nbsp; sent a greeting to all students, encouraged to overcome challenges in life, remind them about the disease risk of COVID 19. Besides, Mr. Nguyen Manh Thang also had a speech about the friendship between 2 nations. He admired the spirit of Laos students in studying, encourage them to achieve better academic results and&nbsp;become the friendship bridge between two&nbsp; nations.&nbsp;<img src=\"https://tueba.edu.vn//uploads/2020/4-817187226.jpg\" /></p>\r\n\r\n<p>At the meeting, APHIKHANKHAM VONGSIPASOM &ndash; student of Business Administration Faculty, on behalf of foreign students, express his emotion and gratitude for the interest of lectures and delegators from Truong Son &ndash; Ho Chi Minh Road traditional Association. &nbsp;Finally, 33 students received presents from leaders of TUEBA and Truong Son &ndash; Ho Chi Minh Road traditional Association.</p>\r\n\r\n<p><img src=\"https://tueba.edu.vn//uploads/2020/5-173289042.jpg\" /></p>\r\n\r\n<p><img src=\"https://tueba.edu.vn//uploads/2020/6-677893912.jpg\" /></p>\r\n\r\n<p><img src=\"https://tueba.edu.vn//uploads/2020/7-1554617071.jpg\" /></p>\r\n\r\n<p>&nbsp;</p>\r\n', 1, 0, 45, 1, 1, 0),
(74, 'A MEETING CELEBRATE CHRISTMAS AND THE NEW YEAR 2021', 'A-Meeting-Celebrate-Christmas-And-The-New-Year-2021', '', '3-1227721976.jpg', '2020-10-29', 2, '<p>In the afternoon of December 21<sup>st</sup>, 2020, Thai Nguyen University of Economics and Business and Administration organized a meeting for foreign students studying at the university to celebrate Christmas and a new year 2021. Each nation has its own way to rejoice its the new year. This event is an occasion for foreign students to explore the traditional features of Viet Nam to welcome a new year.</p>\r\n\r\n<p><img src=\"http://tueba.edu.vn//uploads/2020/1-1770297676.jpg\" /></p>\r\n\r\n<p><strong>Assoc. Prof. Tran Van Quyet talked to foreign students</strong></p>\r\n\r\n<p>At the meeting, &nbsp;Assoc.Prof. Tran Van Quyet &ndash; Head of Department of Technology &ndash; Science &amp; International Cooperation listened to students sharing their thoughts and emotions when they had to welcome a new year far away their homeland. Then, he also sent the best wishes to their families. After the meeting, all students visited the Church of Thai Nguyen Province and they were introduced about the history of the church, interesting things in its structure and activities to welcome a new year of the Catholic religion. In addition they also visited some other attractions of Thai Nguyen.</p>\r\n\r\n<p><img src=\"http://tueba.edu.vn//uploads/2020/2-231135955.jpg\" /></p>\r\n\r\n<p><strong>Foreign students took photos with the teachers</strong></p>\r\n\r\n<p><img src=\"http://tueba.edu.vn//uploads/2020/4-976630615.jpg\" /></p>\r\n\r\n<p><strong>Foreign students visited the Church of Thai Nguyen Province</strong></p>\r\n\r\n<p><img src=\"http://tueba.edu.vn//uploads/2020/5-1156296264.jpg\" /></p>\r\n\r\n<p><strong>Students visited a Pagoda in Thai Nguyen Province</strong></p>\r\n\r\n<p><img src=\"http://tueba.edu.vn//uploads/2020/6-799774087.jpg\" /></p>\r\n\r\n<p><strong>Students visited the highest Christmas trees in Thai Nguyen&nbsp;</strong></p>\r\n\r\n<p>All of them presented their enjoyment when they had a new experience. This event not only has special meanings in enhancing the united and knowledge for students but also express the interest of TUEBA administrators in students.</p>\r\n', 1, 0, 5, 1, 1, 0),
(75, 'THE VOLUNTEER PROGRAM: “WARM WINTER IN THE HIGHLANDS”', 'The-Volunteer-Program--“Warm-Winter-In-The-Highlands”', '', 'amd-359301489.jpg', '2020-12-16', 2, '<p>It will never be too late for people to realize that the true value of life is to love, to share. But it will be late if&nbsp;we&nbsp;realize them without joining hands to implement.</p>\r\n\r\n<p>The winter program &ldquo;Warm winter in the highlands&rdquo; is an annual event which is organized by the Youth Union of TUEBA to promote the spirit of mutual love, solidarity, and love with the country, people.</p>\r\n\r\n<p><img src=\"http://tueba.edu.vn//uploads/2020/1-497439633.jpg\" /></p>\r\n\r\n<p>In this event of 2020, the volunteers of TUEBA coming to Mu Cang Chai district, Yen Bai Province to give clothes and some items to poor children. &nbsp;Each gift contains faithful love for dynamic and enthusiastic young people.<img src=\"http://tueba.edu.vn//uploads/2020/2-1802063079.jpg\" /></p>\r\n\r\n<p>This program received the interest of the Party, Administrators, and all members of the Youth Union in TUEBA. After 1 month of calling supports, the organization team received more than 40 million dongs. This amount of money will be spent to give presents to poor students in Mu Cang Chai and vulnerable students in TUEBA.</p>\r\n\r\n<p><img src=\"http://tueba.edu.vn//uploads/2020/3-2050872688.jpg\" /></p>\r\n\r\n<p><img src=\"http://tueba.edu.vn//uploads/2020/4-1345598568.jpg\" /></p>\r\n\r\n<p><img src=\"http://tueba.edu.vn//uploads/2020/6-1703398893.jpg\" /></p>\r\n\r\n<p>In this volunteer event, more than 250 clothes, 250 sets of crayons, 250 sets of clay were given to children at 4 kindergartens in Mu Cang Chai. The total donation value is about 26,500,000 VND. Besides, &nbsp;&nbsp;the volunteer delegation help to Giang A Thanh&rsquo;s family to fix their roofs and gave them a gift worth 500,000 VND.</p>\r\n\r\n<p><img src=\"http://tueba.edu.vn//uploads/2020/10-1412713027.jpg\" /></p>\r\n\r\n<p>In addition, there was a very meaningful cultural exchange program between members of the volunteer team and the local children.</p>\r\n\r\n<p><img src=\"http://tueba.edu.vn//uploads/2020/13-914239671.jpg\" /></p>\r\n\r\n<p><img src=\"http://tueba.edu.vn//uploads/2020/14-314297413.jpg\" /></p>\r\n\r\n<p><img src=\"http://tueba.edu.vn//uploads/2020/18-2077407269.jpg\" /></p>\r\n\r\n<p><img src=\"http://tueba.edu.vn//uploads/2020/22-685213428.jpg\" /></p>\r\n\r\n<p>The volunteer program &ldquo; Warm winter in the&nbsp; Highlands&rdquo; in 2020 has not only created&nbsp;&nbsp; meaningful impressions&nbsp; for all local people but also evident&nbsp; the power of youth and the volunteer tradition of TUEBA</p>\r\n', 1, 0, 9, 1, 1, 0),
(76, 'Rector Message', 'Rector-Message', '', '', '2019-02-15', 2, '<p style=\"text-align:center\"><img alt=\"\" src=\"uploads/2020/IMG_7230-thay-Huy-300x289-5601950.jpg\" /></p>\r\n\r\n<p>Dear all,</p>\r\n\r\n<p>Warmest greetings from TNU-University of Economics and Business Administration (TUEBA).</p>\r\n\r\n<p>Since establishment in 2004, the university has aimed to provide high quality human resources in economics, business and management to meet the demand of the international integration in Southeast Asia and worldwide.</p>\r\n\r\n<p>With an ambition to provide an innovative and international learning environment, we offer a range of undergraduate and graduate degree programs, including international degree programs, student exchanges, internship opportunities and establish cooperation with prestigious partners from the USA, Germany, Australia, Korea, Netherlands, Japan, Thailand, Philippines, China, Taiwan, etc. in various forms.</p>\r\n\r\n<p>I strongly believe that you will find TUEBA a promising and vibrant institution for education, research and innovation. At TUEBA, we seek to contribute to the advancement of human knowledge and wisdom, and to help to find solutions to pressing socio-economic, business and management issues.</p>\r\n\r\n<p>I cordially invite ambitious students, researchers and partners around the world to join us in our endeavors.</p>\r\n\r\n<p>We look forward to welcoming you to TUEBA.</p>\r\n\r\n<p>Best regards,</p>\r\n\r\n<p>Assoc. Prof. Tran Quang Huy, Ph.D.</p>\r\n\r\n<p>Rector</p>\r\n', 29, 0, 150, 1, 1, 1),
(77, 'Vision and Mission and Core Values', 'Vision-And-Mission-And-Core-Values', '', '', '2019-02-16', 1, '<p>OUR VISION</p>\r\n\r\n<p>By 2030, TNU-University of Economics and Business Administration is an application-oriented university in the academic fields of economics, business and management with prestige and excellence, comparable to top universities in the country and in Southeast Asia, looking forward to building an excellent research-oriented university.<img alt=\"\" src=\"uploads/2020/vision-and-mission-300x300-1824389261.jpg\" style=\"float:right\" /></p>\r\n\r\n<p>MISSION</p>\r\n\r\n<p>The mission of the university is to train high quality human resources at undergraduate and graduate level, do scientific research and technology transfer and cooperate with international partners in the fields of economics, business and management to serve the socio-economic development of Vietnam.</p>\r\n\r\n<p>CORE VALUES</p>\r\n\r\n<ul>\r\n	<li>Respect for differences</li>\r\n	<li>Appreciate the quality and efficiency</li>\r\n	<li>Encourage creativity and innovation</li>\r\n	<li>Nurture passion</li>\r\n	<li>Promote cooperation</li>\r\n	<li>Ensure harmony and sustainable development</li>\r\n</ul>\r\n', 29, 0, 6, 1, 1, 2),
(78, 'Overview', 'Overview', '', '', '2017-02-16', 2, '<p>The University of Economics and Business Administration offers 27 four-year undergraduate programs of seven majors, including three high quality programs with English language instructions, three two-year master&rsquo;s degree programs and two four-year doctoral programs.</p>\r\n\r\n<p>In addition, the university offers four international joint training undergraduate programs lasting four years with universities from Korea, The Philippines and China, a 2+ 2 bachelor&rsquo;s degree program with Honghe Institute, 02 joint training master programs lasting two years and 01 doctoral program lasting four years with the University of Central Philippines.<img alt=\"\" src=\"uploads/2020/academicprograms-1-150x150-1592065401.png\" style=\"float:right\" /></p>\r\n\r\n<p>The university also offers one-year pre-university Vietnamese language training and business Vietnamese language training programs for international students with a duration of 6 months to 12 months.</p>\r\n\r\n<p>In the academic year 2017-2018, the university will offer high quality international undergraduate programs for international and domestic students. Language of instructions is completely in English. The program lasts four years, exclusive of the duration of preparatory English.</p>\r\n', 30, 0, 11, 1, 1, 1),
(79, 'Development History', 'Development-History', '', '', '2019-02-17', 2, '<p><strong>TUEBA History at a Glance</strong></p>\r\n\r\n<p>The University of Economics and Business Administration, which is a member university of Thai Nguyen University, was established under Decision 136/2004/QĐ-TTg of the Prime Minister dated on 02/08 /2004 based on the merger of the Faculty of Agricultural Economics of the University of Agriculture and Forestry and the Faculty of Industrial Economics of the University of Industrial Technology.</p>\r\n\r\n<p>Established in the context of facing competition with many existing universities in the field of economics and management in the national education system, the University of Economics and Business Administration has developed a unique direction that differentiates others from training and research. The university was determined to take quality as the primary objective, not to offer too many training programs in the field of economics but focus on building and developing programs that were needed to serve the requirements of the industrialization, modernization and international economic integration of the country.</p>\r\n\r\n<p>So far after more than 12 years of establishment, the University of Economics and Business Administration has become a dynamic, vibrant university, actively involved in international integration and has developed rapidly with prestige in the country and in international community.</p>\r\n\r\n<p>On early days of establishment, the University of Economics and Business Administration had only 03 faculties and 04 functional departments with a total of 123 staff and lecturers. So far, the University has expanded with 07 faculties, 08 functional departments and 09 training and research supporting units (centers) with a total of 492 staff and lecturers.</p>\r\n\r\n<p>At the time of its establishment, the university had only five undergraduate programs and one master&rsquo;s degree program. Currently, the university&rsquo;s training capacity is more than 10,000 students. The university has developed 27 undergraduate programs including three high quality training programs with instructions in English, three master programs and two doctoral programs. In addition, the university offers four international degree programs with partner universities from Korea, the Philippines and China, two joint-training master programs and one joint-training doctoral program with the University of Central Philippines. The university also provides pre-university and business Vietnamese language training programs for international students.</p>\r\n\r\n<p>From 2004 up to now, the university has been carrying out hundreds of research and technology transfer projects and has held hundreds of conferences, seminars and workshops in the country and internationally. The university is publishing its scientific journal with ISSN called&nbsp;<em>Journal of Economics and Business Administration</em>.</p>\r\n\r\n<p>The University of Economics and Business Administration attaches great importance to the development of international cooperation programs in order to improve the quality of training, to receive innovative training technology, to develop a contingent of researchers and promote scientific research, academic exchange and access to international economic, scientific and educational development projects. Current partners of the university are from East Asia, South East Asia, Germany, Australia, New Zealand, Spain and the United States, etc. In the near future, the university continues to expand diverse relationships with many other international partners which are universities, research institutes, economic organizations, cultural and educational institutions and non-government organizations around the world.</p>\r\n\r\n<p><strong>Development orientation of the university in the coming years</strong></p>\r\n\r\n<p>In the coming years, the University of Economics and Business Administration continues to strive to become a high quality research university at the same standard as the advanced universities in the country and in the region. In the coming time, the orientation of the university will aims to:</p>\r\n\r\n<p>&ndash; Continue renovating university administration, formulating mechanisms and policies so that the university continues to steadily develop to pursue the planned objectives set in the strategic plans;</p>\r\n\r\n<p>&ndash; Always consider attracting, using, training and developing high quality human resources as a prerequisite for the university to achieve the set objectives. In particular, the university is developing innovative high quality training programs with instructions in English, working with advanced international universities, to attract international students and through the programs the university aims to enhance teaching and researching capacity of its staff and lecturers;</p>\r\n\r\n<p>&ndash; Continue actively integrate into the community of universities, research institutes and enterprises in the country and in the world to exploit the power of the times, to reach the high excellence in quality of education and training, research and technology transfer;</p>\r\n\r\n<p>&ndash; Promote all internal and external resources for staff development, facilities investment and in-depth investment projects to serve the teaching, learning, and doing research, effectively exploit the existing facilities and continue to build the new campus.</p>\r\n', 29, 0, 7, 1, 1, 3),
(80, 'Organizational Structure', 'Organizational-Structure', '', '', '2019-02-20', 2, '<p style=\"text-align:center\"><img alt=\"\" src=\"uploads/2020/Structure-1467861590.jpg\" /></p>\r\n', 29, 0, 6, 1, 1, 4),
(81, 'Undergraduate Programs', 'Undergraduate-Programs', '', '', '2017-02-17', 2, '<p><strong>1. Finance &ndash; Banking</strong></p>\r\n\r\n<p>Programs:</p>\r\n\r\n<p>&ndash;&nbsp;Corporate Finance<br />\r\n&ndash;&nbsp;Banking Finance<br />\r\n&ndash;&nbsp;Banking</p>\r\n\r\n<p>Our trained bachelors of Finance and Banking have basic knowledge of economics, management, &nbsp;business and comprehensive knowledge of Finance and Banking.</p>\r\n\r\n<p>They are capable of operating, administering, analyzing, evaluating and advising on issues relating to businesses, commercial banks, central banks, government agencies, financial intermediate institutions and other organizations.</p>\r\n\r\n<p>They have necessary skills to continue self-learning, self-development, independent research and operation as well as adaptability to changing work environment.</p>\r\n\r\n<p>They are efficient and ready to do well the work related to finance and banking in all types of enterprises of all economic sectors, government agiencies and financial organizations.</p>\r\n\r\n<p><em>Job Opportunities</em></p>\r\n\r\n<ul>\r\n	<li>Financial analyst in banks and financial organizations</li>\r\n	<li>Credit specialists, transaction specialists, transaction controllers, bank accountants, international payment specialists, foreign exchange specialists, financial consultants &hellip;</li>\r\n	<li>investment specialist, stockbroker, financial advisor, investment fund manager, portfolio manager &hellip;</li>\r\n	<li>Lecturers at universities, colleges and research centers.</li>\r\n	<li>Specialist in charge of financial affairs in business entities.</li>\r\n</ul>\r\n\r\n<p>&nbsp;</p>\r\n\r\n<p><strong>2. Economics</strong></p>\r\n\r\n<p>TUEBA offers 13 programs:<img alt=\"\" src=\"uploads/2020/capBooks-1-1-300x286-753866881.jpg\" style=\"float:right\" /></p>\r\n\r\n<p>&ndash; Investment Economics</p>\r\n\r\n<p>&ndash; Insurance Economics</p>\r\n\r\n<p>&ndash; Social Insurance Economics</p>\r\n\r\n<p>&ndash; Agricultural Economics and Rural Development</p>\r\n\r\n<p>&ndash; Development Economics</p>\r\n\r\n<p>&ndash; Health Economics</p>\r\n\r\n<p>&ndash;Economics and Hospital Management</p>\r\n\r\n<p>&ndash; Resources and Environmental Economics</p>\r\n\r\n<p>&ndash; Economics and Human Resources Management</p>\r\n\r\n<p>&ndash; Public Management</p>\r\n\r\n<p>&ndash; Economic Management</p>\r\n\r\n<p>&ndash; International Business (standard program)</p>\r\n\r\n<p>&ndash; International Business (exclusive program)</p>\r\n\r\n<p>Our trained Bachelors of Economics gain fundamental knowledge and expertise in Economics, Management and Business in general and specialized knowledge in specific areas such as investment, insurance, management of health facilities, management and exploitation of resources, environment, agriculture and rural development, public management, human resources management and international trade.</p>\r\n\r\n<p>Our Bachelors of Economics are able to adapt to the dynamic environment in a market economy, have professional skills and soft skills accumulated through the process of being trained and self-trained, and have a positive attitude.</p>\r\n\r\n<p><em>Job Opportunities</em></p>\r\n\r\n<p>With well-equipped knowledge, skills and positive trained attitude, Bachelors in Economics may be able to work effectively in different positions such as unit managers, business owners, specialists, lecturers, researchers, assistants working in various agencies and areas such as:</p>\r\n\r\n<p>&ndash; Economic state management agencies;</p>\r\n\r\n<p>&ndash; Enterprises of all economic sectors;</p>\r\n\r\n<p>&ndash; Training institutions in the fields of Economics and Business Administration;</p>\r\n\r\n<p>&ndash; Scientific and technological research institutions;</p>\r\n\r\n<p>&ndash; Development investment funds, programs and projects on socio-economic development.</p>\r\n\r\n<p><strong>3.&nbsp;Accounting</strong></p>\r\n\r\n<p>Undergraduate programs include:</p>\r\n\r\n<p>&ndash; General Accounting</p>\r\n\r\n<p>&ndash; Corporate Accounting</p>\r\n\r\n<p>&ndash; Auditing</p>\r\n\r\n<p>Our trained Bachelors of Accounting has basic knowledge of economics, management and business and comprehensive knowledge of accounting and auditing. They are ready to undertake accounting and auditing work well in all types of enterprises of all economic sectors, banks, financial and credit institutions, non-business units and government agencies.</p>\r\n\r\n<p><em>Job opportunities</em></p>\r\n\r\n<p>With well-equipped knowledge, skills and positive trained attitude, Bachelors in Accounting may be able to work effectively in different positions such as:</p>\r\n\r\n<p>&ndash; General accountant, activities accountant in the accounting &ndash; finance department of a business entity.</p>\r\n\r\n<p>&ndash; Audit Assistant.</p>\r\n\r\n<p>&ndash; Internal auditors, supervisors, inspectors, accountants in agencies.</p>\r\n\r\n<p>&ndash; Lecturers at universities, colleges in the field of economics and business administration.</p>\r\n\r\n<p>&ndash; Chief accountant, specialist in charge of accounting &ndash; finance in the units; Specialists in state accounting and auditing management agencies.</p>\r\n\r\n<p><strong>4. Business Administration</strong></p>\r\n\r\n<p>Undergraduate programs in Business Administration include:</p>\r\n\r\n<p>&ndash; Business Administration (standard program)</p>\r\n\r\n<p>&ndash; Corporate Business Administration</p>\r\n\r\n<p>&ndash; Trade Business Management</p>\r\n\r\n<p>&ndash; Real Estate Business Management</p>\r\n\r\n<p>&ndash; Business Administration (exclusive program)</p>\r\n\r\n<p>Our trained Bachelors of Business Administration gain basic knowledge of socio-economics, professional competence in the field of business management, proficient use of in-depth knowledge and skills to create and coordinate the most effective resources and operate all types of business establishments to develop business activities for enterprises and economic organizations.</p>\r\n\r\n<p><em>Job Opportunities</em></p>\r\n\r\n<p>After graduation, our trained Bachelors of Business Administration reveal:</p>\r\n\r\n<p>&ndash; Ability to work in enterprises, economic organizations, taking the role of specialists in the functional departments in the business such as sales department, planning department, marketing department, human resources department or the role of secretaries, assistant managers at all levels. Future prospects can be entrepreneurs or executives, directors, department heads in all types of domestic and foreign business organizations.</p>\r\n\r\n<p>&ndash; Ability to work in the relevant departments, agencies and state economic management agencies, business management consulting organizations. They may well take the role of consultants, assistant analyst, reporting on the market and participating in planning of business policies. In the future, they may become analysts, consultants, leaders, managers in socio-economic organizations.</p>\r\n\r\n<p>&ndash; Ability to do research and deliver lectures in research institutions, higher education institutions in the field of economics and business administration.</p>\r\n\r\n<p><strong>5. Economic Law</strong></p>\r\n\r\n<p>Undergraduate programs in Economic Law include:</p>\r\n\r\n<p>&ndash; Business Law</p>\r\n\r\n<p>&ndash; International Trade Law</p>\r\n\r\n<p>Our trained Bachelors of Laws in Economics gain a fundamental knowledge of economics and business administration and comprehensive knowledge of law, especially the Vietnam and international Law on Business, Vietnam and international trade law, law practices and some professional legal skills related to laws. Our Bachelors of Economic Law are equipped with necessary skills to continue self-study, research and independent practice and are able to adapt to the dynamic environment to do well legal work in government agencies, social organizations and enterprises of all economic sectors.</p>\r\n\r\n<p><em>Job Opportunities</em></p>\r\n\r\n<p>After graduation, our Bachelors of Economic Law might well take up a number of roles and positions such as:</p>\r\n\r\n<p>&ndash; Positions in law practice, legal consultancy, study of laws and policies in government agencies.</p>\r\n\r\n<p>&ndash; Specialists in consultancy and legal service organizations such as lawyers&rsquo; offices, law firms, notary offices, commercial arbitration centers in Vietnam and other countries.</p>\r\n\r\n<p>&ndash; Specialists working in intergovernmental organizations, international non-government organizations in Vietnam and other countries.</p>\r\n\r\n<p>&ndash; Legal consultants, legal experts in enterprises in the field of trade and investment, import-export business, intellectual property rights protection, and labor relations.</p>\r\n\r\n<p>&ndash; Lecturers at institutes, universities, and colleges in the field of law, economics and business administration.</p>\r\n\r\n<p>&ndash; Researchers in research institutions, state management institutes, and in administrative and political research institutions.</p>\r\n\r\n<p><strong>&nbsp;6.&nbsp;</strong><strong>Marketing</strong></p>\r\n\r\n<p>The programs currently offered include:</p>\r\n\r\n<p>&ndash; Marketing Management</p>\r\n\r\n<p>&ndash; Marketing Communication Management</p>\r\n\r\n<p>Our trained Bachelors of Marketing gain fundamental knowledge of socio-economics, in-depth knowledge of marketing, markets, customer behavior and branding. In addition, they are equipped with the skills of research, communication, analysis, planning and are ready to use those skills to solve real problems concerning the marketing of enterprises.</p>\r\n\r\n<p>Furthermore, they show ability to adapt to the dynamic working environment and the ability to build marketing strategies for businesses to succeed in the ever-evolving dynamic, competitive and globalized environment.</p>\r\n\r\n<p><em>Job Opportunities</em></p>\r\n\r\n<p>After graduation, our Bachelors of Marketing might well take up a number of roles and positions such as:</p>\r\n\r\n<p>&ndash; Marketing staff, marketing manager in a business.</p>\r\n\r\n<p>&ndash; Marketing staff for social marketing, event organization in profit organizations, social organizations and nonprofit organizations.</p>\r\n\r\n<p>&ndash; Business owner.</p>\r\n\r\n<p>&ndash; Lecturers at institutes, universities, and colleges in the field of economics and business administration.</p>\r\n\r\n<p><strong>&nbsp;7.&nbsp;</strong><strong>Travel and Tourism Business Administration</strong></p>\r\n\r\n<p>Current programs include:</p>\r\n\r\n<p>&ndash; Tourism and Hospitality Management</p>\r\n\r\n<p>Our trained Bachelors of Business Administration in Travel and Tourism gain basic knowledge of socio-economics, business management, specialized skills in travel and tourism services management, the ability to build up strategies, business plan and policies in the enterprise. In addition, our trained Bachelor of Tourism and Hospitality Management have the ability to set up and organize business activities, formulate policies, strategies and business plan for the business.</p>\r\n\r\n<p><em>Job Opportunities</em></p>\r\n\r\n<p>After graduation, our Bachelors of Tourism and Hospitality Management might well take up a number of roles and positions such as:</p>\r\n\r\n<p>&ndash; Specialist or manager in the travel and tourism sector, hotels, restaurants and amusement parks.</p>\r\n\r\n<p>&ndash; Staff or manager working at management agencies, planning tourism development policies.</p>\r\n\r\n<p>&ndash; Designing new tourism products, creating service-providing enterprises or becoming business owners.</p>\r\n\r\n<p>&ndash; Lecturers and researchers at institutes, universities, and colleges in the field of toursim, travel and hospitality management and business administration.</p>\r\n', 30, 0, 10, 1, 1, 2),
(87, 'National and International Research Partners', 'National-And-International-Research-Partners', '', '', '2017-02-16', 2, '', 31, 0, 2, 1, 1, 3),
(88, 'Overview', 'Overview', '', '', '2017-02-16', 2, '<p>The Journal of Economics and Business Administration was published on October 14, 2016 (License No. 417 / GP-BVHTT dated August 17, 2016 of the Ministry of Information and Communications). This is TUEBA&rsquo;s&nbsp;official publication.<img alt=\"\" src=\"uploads/2020/bia-TCKT-thay-anh-1-1-217x300-1453781883.jpg\" style=\"float:right\" /></p>\r\n\r\n<p>The Journal releases 04 issues per year to introduce new and high-quality researches in economics, finance, banking, business administration, marketing, agricultural economics and rural development as well as information on TUEBA&rsquo;s&nbsp;activities.</p>\r\n\r\n<p>The Journal consists of research papers (3500 &ndash; 4,500 words), scientific information exchanges (500 &ndash; 1500 words) (in Vietnamese and English), which are presented in the correct structure and norm of a scientific journal.</p>\r\n\r\n<p>All research papers are peer-reviewed by reputable scientists and edited, adapted to international standards of citation and article structure.</p>\r\n', 32, 0, 3, 1, 1, 1),
(89, 'Call for Papers', 'Call-For-Papers', '', '', '2017-02-16', 2, '<p><strong><em>Dear Staff and lecturers of universities and research institutes,</em></strong></p>\r\n\r\n<p>The Journal of Economics &amp; Business Administration &ndash; University of Economics &amp; Business Administration was registered under Press License No. 417/GP-BTTTT dated 17/8/2016 by the Ministry of Information and Communications. The Journal is published quarterly in order to introduce and publish researches and academic exchange articles with theoretical and practical value in the fields of economics, finance, banking and finance, Business administration, agricultural economics and rural development and has not yet been published in any scientific journals or in print journals.</p>\r\n\r\n<p>All articles submitted will be sent to experts, and experienced scientists who will evaluate according to a closed review process that will ensure the scientific quality. Authors whose articles are published will be provided 01 Magazine.</p>\r\n\r\n<p>The editorial board would like to invite staff, lecturers, students, and scientists from local and foreign countries to submit articles with contents related to the scope of publication of the journal.</p>\r\n\r\n<p>Procedure in submitting articles:</p>\r\n\r\n<ol>\r\n	<li>A word file with the author&rsquo;s information must be in accordance with the Rules of writing and submitting of the journal (see details at the journal&rsquo;s website).</li>\r\n	<li>The author may directly come and visit the Journal office for submission of articles.</li>\r\n</ol>\r\n\r\n<p>The Journal of Economics &amp; Business Administration has enjoined the attention and cooperation of all staff, lecturers, students, graduate students, scientists, and managers inside and outside the academic community of the University.</p>\r\n\r\n<p><em>Address:</em></p>\r\n\r\n<p><em>Journal of Economics &amp; Business Administration</em></p>\r\n\r\n<p><em>Room 506, Administration building, University of Economics &amp; Business Administration</em></p>\r\n\r\n<p><em>Address: Tan Thinh Ward, Thai Nguyen City</em></p>\r\n\r\n<p><em>Email: tapchikt-qtkd@.tueba.edu.vn; Phone: 0280.3903373</em></p>\r\n\r\n<table>\r\n	<tbody>\r\n		<tr>\r\n			<td><strong>EDITOR-IN-CHIEF</strong>\r\n\r\n			<p>&nbsp;</p>\r\n\r\n			<p><strong>Dr. TRAN QUANG HUY</strong></p>\r\n			</td>\r\n		</tr>\r\n	</tbody>\r\n</table>\r\n', 32, 0, 2, 1, 1, 2),
(90, 'Editorial Board', 'Editorial-Board', '', '', '2017-02-16', 2, '<table style=\"width:100%\">\r\n	<tbody>\r\n		<tr>\r\n			<td><strong>&nbsp;<img alt=\"\" src=\"uploads/2020/mr-Tran-Quang-Huy-1-200x300-343950677.jpg\" style=\"height:300px; width:200px\" /></strong></td>\r\n			<td>&nbsp;</td>\r\n			<td><strong>&nbsp; &nbsp;&nbsp;</strong><strong>EDITOR-IN-CHIEF</strong>\r\n			<p>&nbsp;</p>\r\n\r\n			<p>- Full name: Tran Quang Huy</p>\r\n\r\n			<p>- Degree: PhD</p>\r\n\r\n			<p>- Position: Rector</p>\r\n\r\n			<p>- Certificate&nbsp;in journalism management:</p>\r\n			</td>\r\n		</tr>\r\n		<tr>\r\n			<td><strong>&nbsp;</strong></td>\r\n			<td>&nbsp;</td>\r\n			<td><strong>&nbsp;</strong></td>\r\n		</tr>\r\n		<tr>\r\n			<td><img alt=\"\" src=\"uploads/2020/unnamed-212x300-2060841545.jpg\" style=\"height:300px; width:212px\" /></td>\r\n			<td>&nbsp;</td>\r\n			<td><strong>&nbsp; &nbsp; &nbsp;DEPUTY EDITOR-IN-CHIEF</strong>\r\n			<p>&nbsp;</p>\r\n\r\n			<p>- Full name: Tran Van Quyet</p>\r\n\r\n			<p>- Degree: PhD</p>\r\n\r\n			<p>- Position: Deputy Head, Department of Scientific Research &ndash; Technology Transfer &amp; International Cooperation</p>\r\n\r\n			<p>- Certificate&nbsp;in journalism management</p>\r\n			</td>\r\n		</tr>\r\n	</tbody>\r\n</table>\r\n', 32, 0, 10, 1, 1, 3),
(91, 'Submission Guidelines', 'Submission-Guidelines', '', '', '2017-02-16', 2, '<p><a href=\"uploads/2020/SUBMISSION-GUIDELINES-160920196.pdf\">CLICK&nbsp;SUBMISSION GUIDELINES&nbsp;TO DOWNLOAD.</a></p>\r\n', 32, 0, 2, 1, 1, 4),
(92, 'Overview', 'Overview', '', '', '2017-02-16', 2, '<p>The University of Economics and Business Administration &ndash; Thai Nguyen University (TUEBA) believes that international cooperation is an urgent requirement and a tool to support training and scientific research.</p>\r\n\r\n<p>For the past few years, TUEBA has developed international collaboration&nbsp; with reputable international organizations, corporations, businesses and universities in various fields, as follows: (1) Scientific research and technology transfer with IRRI &ndash; Philippines, Hohenheim University &ndash; Germany, University of Groningen &ndash; Netherlands; (2) International undergraduate and graduate&nbsp; programs with Sunderland University &ndash; UK, Deagu University &amp; Deagu Cyber ​​University &ndash; South Korea, Central Philippine University &ndash; Philippines; (3) Organizing international scientific seminars with Sogang University &ndash; South Korea, Fullbright Program &ndash; USA; (4) Staff, lecturers and students exchange program with Thomas More University &ndash; Belgium; (5) Teaching foreign languages ​​to staff, lecturers and students at TUEBA with ELI &ndash; USA; and (6) Upgrading TUEBA&rsquo;s facilities with ANHE &ndash; Korea.</p>\r\n\r\n<p>Through International Cooperation activities, TUEBA has also developed scholarship opportunities for staff, lecturers and students; disseminated delegations of staff, lecturers and students abroad to attend classes, exchange knowledge, attend conferences, seminars worldwide; and, hosted conferences/workshops for delegates from all over the world.</p>\r\n\r\n<p>It is the strong aspiration of TUEBA to continue the cooperation relationships with international partners in training and scientific research to develop further the professional and foreign language qualification of the teaching staff and the management groups, to revitalize the content of the curriculum and teaching methodologies, to strengthen international exchanges for staff and students of the University, to expand TUEBA&rsquo;s facilities, and to intensify the University&rsquo;s revenue.</p>\r\n\r\n<p>It is believed that the international cooperation plays an important role in developing TUEBA&rsquo;s brand name, bringing feasible achievements, and enhancing the prestige of the University in the hearts of international friends and partners as TUEBA soars high towards success.</p>\r\n', 33, 0, 2, 1, 1, 1),
(93, 'Partners', 'Partners', '', '', '2017-02-16', 2, '<h1>&nbsp;</h1>\r\n\r\n<table style=\"width:100%\">\r\n	<tbody>\r\n		<tr>\r\n			<td><strong>No.</strong></td>\r\n			<td><strong>Partners</strong></td>\r\n		</tr>\r\n		<tr>\r\n			<td>1</td>\r\n			<td>University of Thomas More, Belgium</td>\r\n		</tr>\r\n		<tr>\r\n			<td>2</td>\r\n			<td>Hohenheim University, Germany</td>\r\n		</tr>\r\n		<tr>\r\n			<td>3</td>\r\n			<td>German Academic Exchange Service DAAD, Germany</td>\r\n		</tr>\r\n		<tr>\r\n			<td>4</td>\r\n			<td>GIZ, Germany</td>\r\n		</tr>\r\n		<tr>\r\n			<td>5</td>\r\n			<td>POSCO TJ Park Foundation, Korea</td>\r\n		</tr>\r\n		<tr>\r\n			<td>6</td>\r\n			<td>Muhamuadiyah Yozakarta University, Indonesia</td>\r\n		</tr>\r\n		<tr>\r\n			<td>7</td>\r\n			<td>INSA-ETEA, Spain</td>\r\n		</tr>\r\n		<tr>\r\n			<td>8</td>\r\n			<td>IFAD, Italy</td>\r\n		</tr>\r\n		<tr>\r\n			<td>9</td>\r\n			<td>CIRAD, France</td>\r\n		</tr>\r\n		<tr>\r\n			<td>10</td>\r\n			<td>Sogang University, Korea</td>\r\n		</tr>\r\n		<tr>\r\n			<td>11</td>\r\n			<td>Deagu University, Korea</td>\r\n		</tr>\r\n		<tr>\r\n			<td>12</td>\r\n			<td>Deagu Cyber, University, Korea</td>\r\n		</tr>\r\n		<tr>\r\n			<td>13</td>\r\n			<td>Ajou University, Korea</td>\r\n		</tr>\r\n		<tr>\r\n			<td>14</td>\r\n			<td>Groningen University, Holland</td>\r\n		</tr>\r\n		<tr>\r\n			<td>15</td>\r\n			<td>Kyung-In Women&rsquo;s University, Korea</td>\r\n		</tr>\r\n		<tr>\r\n			<td>16</td>\r\n			<td>Wisconsin Madison University, USA</td>\r\n		</tr>\r\n		<tr>\r\n			<td>17</td>\r\n			<td>California State University San Bernardino, USA</td>\r\n		</tr>\r\n		<tr>\r\n			<td>18</td>\r\n			<td>AUT University, NewZealand</td>\r\n		</tr>\r\n		<tr>\r\n			<td>19</td>\r\n			<td>Los Banos University, Philippines</td>\r\n		</tr>\r\n		<tr>\r\n			<td>20</td>\r\n			<td>Central Philippine University, Philippines</td>\r\n		</tr>\r\n		<tr>\r\n			<td>21</td>\r\n			<td>Southern Luzon State University, Philippines</td>\r\n		</tr>\r\n		<tr>\r\n			<td>22</td>\r\n			<td>Baguio Philippine University, Philippines</td>\r\n		</tr>\r\n		<tr>\r\n			<td>23</td>\r\n			<td>Angeles University Foundation, Philippines</td>\r\n		</tr>\r\n		<tr>\r\n			<td>24</td>\r\n			<td>Feng Chia University, Taiwan</td>\r\n		</tr>\r\n		<tr>\r\n			<td>25</td>\r\n			<td>Putra Malaysia University, Malaysia</td>\r\n		</tr>\r\n		<tr>\r\n			<td>26</td>\r\n			<td>Yunnan Normal University, China</td>\r\n		</tr>\r\n		<tr>\r\n			<td>27</td>\r\n			<td>Guang Xi University, China</td>\r\n		</tr>\r\n		<tr>\r\n			<td>28</td>\r\n			<td>Guilin University of Technology (GUT), China</td>\r\n		</tr>\r\n		<tr>\r\n			<td>29</td>\r\n			<td>Shanghai University of Finance and Economics, China</td>\r\n		</tr>\r\n		<tr>\r\n			<td>30</td>\r\n			<td>Beihang University, China</td>\r\n		</tr>\r\n		<tr>\r\n			<td>31</td>\r\n			<td>Kunming University of Science and Technology, China</td>\r\n		</tr>\r\n		<tr>\r\n			<td>32</td>\r\n			<td>Yunnan University of Finance and Economics, China</td>\r\n		</tr>\r\n		<tr>\r\n			<td>33</td>\r\n			<td>Guang Xi University of Science and Technology, China</td>\r\n		</tr>\r\n		<tr>\r\n			<td>34</td>\r\n			<td>Guilin University of Aerospace Technology, China</td>\r\n		</tr>\r\n		<tr>\r\n			<td>35</td>\r\n			<td>Yunnan mechanical and electrical Career Technical College, China</td>\r\n		</tr>\r\n		<tr>\r\n			<td>36</td>\r\n			<td>Hezhou University China</td>\r\n		</tr>\r\n		<tr>\r\n			<td>37</td>\r\n			<td>Guizhou University, China</td>\r\n		</tr>\r\n		<tr>\r\n			<td>38</td>\r\n			<td>Honghe University, China</td>\r\n		</tr>\r\n		<tr>\r\n			<td>39</td>\r\n			<td>South west University, China</td>\r\n		</tr>\r\n		<tr>\r\n			<td>40</td>\r\n			<td>The International Rice Research Institute (IRRI)</td>\r\n		</tr>\r\n		<tr>\r\n			<td>41</td>\r\n			<td>Korea Institute for International Economics Policy (KIEP)</td>\r\n		</tr>\r\n		<tr>\r\n			<td>42</td>\r\n			<td>Korea Institute for Industrial Economics and Trade (KIET)</td>\r\n		</tr>\r\n		<tr>\r\n			<td>43</td>\r\n			<td>Fulbright Scholarship program, USA</td>\r\n		</tr>\r\n		<tr>\r\n			<td>44</td>\r\n			<td>Asian Network for Higher Education (ANHE), Korea</td>\r\n		</tr>\r\n		<tr>\r\n			<td>45</td>\r\n			<td>Durajt Pundit University, Thailand</td>\r\n		</tr>\r\n		<tr>\r\n			<td>46</td>\r\n			<td>Korea Foundation, Korea</td>\r\n		</tr>\r\n		<tr>\r\n			<td>47</td>\r\n			<td>Ford Foundation, USA</td>\r\n		</tr>\r\n		<tr>\r\n			<td>48</td>\r\n			<td>Department of Education and Sports, Luang Prabang province, the Lao People&rsquo;s Democratic Republic</td>\r\n		</tr>\r\n		<tr>\r\n			<td>49</td>\r\n			<td>Department of Education and Sports, Oudomxay province, the Lao People&rsquo;s Democratic Republic</td>\r\n		</tr>\r\n		<tr>\r\n			<td>50</td>\r\n			<td>Department of Education and Sports, Bokeo province, the Lao People&rsquo;s Democratic Republic</td>\r\n		</tr>\r\n		<tr>\r\n			<td>51</td>\r\n			<td>&nbsp;Department of Education and Sports, Phongsaly province, the Lao People&rsquo;s Democratic Republic</td>\r\n		</tr>\r\n	</tbody>\r\n</table>\r\n\r\n<p>&nbsp;</p>\r\n', 33, 0, 3, 1, 1, 2),
(94, 'INTERNATIONAL PROJECTS', 'International-Projects', '', '', '2017-02-16', 2, '<p>Update.......</p>\r\n', 33, 0, 2, 1, 1, 3),
(95, 'JOINT-DEGREE PROGRAMS', 'Joint-Degree-Programs', '', '', '2017-02-16', 2, '<p>In order to meet the goals of development and integration, over the past years, the University of Economics and Business Administration &ndash; Thai Nguyen University (TUEBA) has promoted international cooperation, including joint-degree programs. These joint-degree programs have opened-up the opportunity to access and learn experiences of advanced education, thereby improving the quality of training, including the improvement of professional skills and foreign languages ​​proficiency of teaching staff.</p>\r\n\r\n<p>Similarly, the international joint-degree programs at TUEBA were developed to provide students with professional competence and necessary skills to meet the demands of society for high quality human resources, thus, helping to achieve the goals of Vietnam&rsquo;s sustainable development in the context of globalization and international integration.</p>\r\n\r\n<p>Through the years, TUEBA envisions to continuously expand the joint-degree programs for the enhancement of the higher education development of the University.</p>\r\n\r\n<p><strong>Undergraduate-degree programs in cooperation with Central Philippine University, Philippines: Bachelor of Business Administration and Bachelor of Accounting</strong></p>\r\n\r\n<p><em><strong>Medium of Instruction:</strong>&nbsp;</em>English</p>\r\n\r\n<p><strong><em>Training institution:</em></strong>&nbsp;TUEBA</p>\r\n\r\n<p><strong><em>Training duration:</em></strong>&nbsp;4 years</p>\r\n\r\n<p><em><strong>Tuition fee:</strong>&nbsp;</em>US.$4.500/course</p>\r\n\r\n<p><em><strong>Quality Assurance:</strong></em></p>\r\n\r\n<p>Central Philippine University &ndash; Philippines has been recognized by the Commission on Higher Education (CHED) &ndash; Philippines in providing quality education and training for the academic offering of&nbsp;Bachelor degrees in Business Administration and Accounting. This is a full-time training program authorized by Thai Nguyen University in accordance with Decision No. 1347/QĐ-ĐHTN dated October 13, 2009 approving the Scheme of training Bachelor of Business Administration; Decision No. 823/QĐ-ĐHTN dated June 24, 2010 approving the Scheme of training Bachelor of Accounting.</p>\r\n\r\n<p><strong>Graduate degree programs in cooperation with Central Philippine University, Philippines: Master of Business Administration and Master of Accounting</strong></p>\r\n\r\n<p><em><strong>Medium of Instruction:</strong></em>&nbsp;English</p>\r\n\r\n<p><em><strong>Training institution:</strong>&nbsp;</em>TUEBA</p>\r\n\r\n<p><em><strong>T</strong><strong><em>r</em>aining duration:</strong></em>&nbsp;2 years</p>\r\n\r\n<p><em><strong>Tuition fee:</strong></em>&nbsp;US.$4.400/course</p>\r\n\r\n<p><em><strong>Quality Assurance:</strong></em></p>\r\n\r\n<p>Central Philippine University &ndash; Philippines has been recognized in providing quality education and training for the course in Master&rsquo;s degrees in Business Administration and Public Administration by the Commission on Higher Education (CHED) &ndash; Philippines.</p>\r\n\r\n<p>This is a full-time training program authorized by Thai Nguyen University in accordance with Decision No. 229/QĐ-ĐHTN dated 29 March 2011 approving the Scheme of training Masters of Business Administration and Public Administration.</p>\r\n\r\n<p><strong>Graduate-degree programs in cooperation with Central Philippine University, Philippines: Doctor of Business Administration and Doctor of Accounting</strong></p>\r\n\r\n<p><em><strong>Medium of instruction:</strong>&nbsp;</em>English</p>\r\n\r\n<p><em><strong>Training institution:</strong></em>&nbsp;TUEBA</p>\r\n\r\n<p><em><strong>Training duration:</strong></em>&nbsp;3 years</p>\r\n\r\n<p><em><strong>T</strong><strong>uition fee:</strong></em>&nbsp;US.$6.900/course</p>\r\n\r\n<p><em><strong>Quality Assurance:</strong></em></p>\r\n\r\n<p>The Central Philippine University &ndash; Philippines has been recognized by the Commission on Higher Education (CHED) &ndash; Philippines in providing quality education and training for the academic offering of Doctoral degrees in Business Administration and Public Administration.</p>\r\n\r\n<p>This is a full-time training program authorized by Thai Nguyen University in accordance with Decision No. 205/QĐ-ĐHTN dated March 9, 2012 approving the Scheme of training Doctors of Business Administration and Public Administration.</p>\r\n\r\n<p>Based on records as of 2016 for the joint training programs, there were 515 undergraduate students, 407 master&rsquo;s students in Business Administration and Public Administration and 40 doctoral students in Business Administration and Public Administration. The program has played an important role in training and fostering human resources towards industrialization, modernization and international integration.</p>\r\n', 33, 0, 1, 1, 1, 4);
INSERT INTO `bangtin` (`idTin`, `TieuDe`, `TieuDe_KhongDau`, `TomTat`, `urlHinh`, `Ngay`, `idUser`, `Content`, `idTL`, `idTL2`, `SoLanXem`, `TinNoiBat`, `AnHien`, `thutu`) VALUES
(96, 'Exchange Programs', 'Exchange-Programs', '', '', '2017-02-16', 2, '', 33, 0, 2, 1, 1, 5),
(97, 'Facilities and Services', 'Facilities-And-Services', '', '', '2017-02-16', 2, '<p>Stay tuned here for timely updates.</p>\r\n', 34, 0, 4, 1, 1, 1),
(98, 'Student Activities and Support', 'Student-Activities-And-Support', '', '', '2017-02-16', 2, '<p><strong>1. Student clubs</strong></p>\r\n\r\n<p>The University of Economics and Business Administration currently organiizes more than a dozen student clubs and teams working in academic fields or interests such as sports, culture, business, start-up, volunteering, recreation and social interests.</p>\r\n\r\n<p>Sponsored by the Students&rsquo; Union, but run by students themselves, student clubs provide various opportunities to expand relationships, build strong networks, develop a range of skills including communication, teamwork, leadership, coaching, and professional development.</p>\r\n\r\n<p>If you are not a member of the existing clubs, you can contribute to the community and develop your career skills by creating your own teams, groups, clubs or participating in leadership experience and volunteering activities our students.</p>\r\n\r\n<p><strong>&nbsp;2.&nbsp;</strong><strong>International student support</strong></p>\r\n\r\n<p>The university wants to make sure our international students get the most out of their time in Vietnam. At TUEBA, we encourage international students to get involved in our pro-active student life. TUEBA arranges support services for international students prior to departure, upon arrival to Vietnam, during your study, and on completion.</p>\r\n\r\n<p>There are fantastic opportunities and activities for international students to make friends with other students from all over the world gathering at TUEBA, support services and dedicated buddies who will stay by your side through thick and thin during your time in Vietnam.</p>\r\n\r\n<p>International students can contact these following hotlines and email to get support. We are committed to respond to all inquiries within 24 hours (one working day).</p>\r\n\r\n<p>TUEBA international student support hotline: +84 &nbsp;2083 647 683</p>\r\n\r\n<p>SOS hotline (medical emergency): +84 &nbsp;2083 647 683</p>\r\n\r\n<p>Email: international.students@tueba.edu.vn</p>\r\n\r\n<p>Facebook: TUEBA International Students</p>\r\n\r\n<p><strong>&nbsp;</strong><strong>2.1. Accommodation for international students</strong></p>\r\n\r\n<p>The standard of accommodation in Thai Nguyen City is moderate with a wide range of guesthouses, houses and apartments catering to all budgets, depending on location, lifestyle and individual circumstances.</p>\r\n\r\n<p>The Center for Student Consultancy and Support is a good source of reference and support for all new international students.</p>\r\n\r\n<p>On campus accommodation is highly recommended for international students and only within 5 minutes to classrooms and other facilities on the campus.</p>\r\n\r\n<p>Due to the limited availability, international students are encouraged to submit the application for on campus accommodation together with submission of the Offer Acceptance to study at TUEBA.</p>\r\n\r\n<p><strong>2.2. Airport or international gate pick-up service</strong></p>\r\n\r\n<p>TUEBA provides a free airport pick-up service for all new international students.</p>\r\n\r\n<p>If you&rsquo;re a new international student, complete the registration for free airport or international gate pick up form to let us know when you will arrive in Thai Nguyen. International Student Support Staff will then:</p>\r\n\r\n<ul>\r\n	<li>confirm your pre-arranged accommodation with the accommodation service</li>\r\n	<li>arrange buddies to meet you at the airport or international gate when you arrive</li>\r\n	<li>give you a welcome pack</li>\r\n	<li>take you to your accommodation in Thai Nguyen City</li>\r\n</ul>\r\n\r\n<p>You need to complete this form at least five working days before you arrive in Thai Nguyen City. If there are changes to your arrival time within this three day period, resubmit the form, or email us at&nbsp;<a href=\"mailto:international.students@tueba.edu.vn\">international.students@tueba.edu.vn</a></p>\r\n\r\n<p><strong>2.3. Events and activities for international students</strong></p>\r\n\r\n<p>TUEBA regularly organizes diverse and enriching activities for international students throughout each semester to highlight the diversity and dynamic nature of the student community. International students will get a chance to introduce their national costume at their National Day, share stories of their hometown at networking events, or compare their local cuisine in cultural events.</p>\r\n\r\n<p>Introducing international students to the wider community in Vietnam is also an important focus at TUEBA with networking events. Studying at TUEBA, international students will also have opportunities to contribute to underprivileged communities with charity trips and fundraising activities.</p>\r\n\r\n<p><strong>2.4. Bank Accounts</strong></p>\r\n\r\n<p>Each international student shall need to set up a local bank account as soon as possible. A number of international banks have operation in Vietnam such as HSBC, ANZ, and Standard Chartered.</p>\r\n\r\n<p>International students can withdraw USD and VND over the counter at banks. VND can also be withdrawn from ATM machines around the town, however, you cannot withdraw USD from ATMs. It is quite common to make payments using VISA debit or credit cards at supermarkets, restaurants, and hotels, etc., but cash remains the most common form of payment for goods and services.</p>\r\n\r\n<p>It is possible to make international transactions from a local bank account to your account in your home country. Your local bank can provide information on this, including advice on online banking services.</p>\r\n\r\n<p><strong>2.5. Transportation</strong></p>\r\n\r\n<p>ost Vietnamese people get around on a motorcycle/scooter. A lot of expats in Vietnam choose to get their own bikes. If you choose to do so, you will need to have a helmet and a licence &ndash; we can advise on how to go about doing this.</p>\r\n\r\n<p>If riding through traffic is not your thing, you may choose to take a taxi or use the cheap local motorbike taxi service (xe &ocirc;m). Bus service is also available in Thai Nguyen City.</p>\r\n\r\n<p>If you have a driving license from your home country and wish to drive around Thai Nguyen yourself, you can refer to the driving licence exchange procedure on how to exchange your driving license to be used in Vietnam.</p>\r\n\r\n<p><strong>2.6. Pre-arrival information for international students</strong></p>\r\n\r\n<p><em>Essential items for travel to Vietnam</em></p>\r\n\r\n<p>It is advisable to have the following items in your hand luggage:</p>\r\n\r\n<ul>\r\n	<li>Carry-on luggage</li>\r\n	<li>Passport</li>\r\n	<li>Visa</li>\r\n	<li>Offer and Offer acceptance form</li>\r\n	<li>Personal details and Vietnam contact address</li>\r\n	<li>Key contact name/ phone numbers, address of the hotel in Vietnam, details of the person you will meet on arrival (if any)</li>\r\n	<li>Vietnamese dong (or you can exchange money at the airport)</li>\r\n	<li>Driving license (or another identification document).</li>\r\n	<li>All personal valuables: laptop, camera, phone chargers, etc.</li>\r\n</ul>\r\n\r\n<p><em>*Note:</em></p>\r\n\r\n<ul>\r\n	<li>Do not put your valuables in the check-in luggage</li>\r\n	<li>Have photocopies of all your key travel documents in your main luggage.</li>\r\n</ul>\r\n\r\n<p><em>Checked-in luggage</em></p>\r\n\r\n<ul>\r\n	<li>Photocopy of key travel documents</li>\r\n	<li>Clothing</li>\r\n	<li>Toiletries</li>\r\n	<li>All other personal items including any essential electrical goods.</li>\r\n</ul>\r\n\r\n<p><strong>2.7. Insurance for International Students</strong></p>\r\n\r\n<p>Appropriate level insurance coverage is essential for your time in Vietnam. While you are studying at TUEBA, medical insurance is compulsory for international students with study visas to ensure you health, safety and well-being during your study.</p>\r\n\r\n<p>Suitable medical insurance will be arranged by TUEBA on behalf of the student. The insurance fee (approx. VND xxxxxxxx per semester) will be included in the tuition fee invoice of the semester.</p>\r\n\r\n<p><em>* Note:</em></p>\r\n\r\n<p>Only international students who hold (or have a spouse or parent who hold) a Vietnam work permit, or residency permit, or one of the following visa type: NG1, NG2, NG3, NG4, LV1, LV2, ĐT, DN, NN1, NN2, NN3, PV1, PV2 TT LĐ can arrange insurance on their own.</p>\r\n\r\n<p>Should you choose to arrange their own medical insurance, you need to submit:</p>\r\n\r\n<p>(1) evidence of insurance and;</p>\r\n\r\n<p>(2) Insurance waiver form.</p>\r\n\r\n<p>to international.students@tueba.edu.vn at least 10 days before the semester start.</p>\r\n\r\n<p>In case you miss the deadline, you have to bear the insurance fee arranged by TUEBA together with your tuition fee invoice.</p>\r\n\r\n<p>The semester start time will be informed to the students at least 30 days in advance.</p>\r\n\r\n<p>International students can also contact international insurance support services through its 24 hours hotline at +84xxxxxxxxxx</p>\r\n', 34, 0, 3, 1, 1, 2),
(99, 'Opportunities', 'Opportunities', '', '', '2017-02-16', 2, '<p>The University of Economics and Business Administration offers opportunities for international students to participate in networking events, academic exchange, community volunteering events, fundraising or scholarship opportunities. Each year, TUEBA will provide a number of full and partial scholarships for international students with excellent academic performance.</p>\r\n\r\n<p>Stay tuned here for timely updates.</p>\r\n', 34, 0, 3, 1, 1, 3);

-- --------------------------------------------------------

--
-- Cấu trúc bảng cho bảng `lienket`
--

CREATE TABLE `lienket` (
  `idlk` int(11) NOT NULL,
  `vitri` int(11) NOT NULL,
  `Tieude` varchar(255) NOT NULL DEFAULT '',
  `Url` varchar(255) NOT NULL DEFAULT '',
  `urlHinh` varchar(255) NOT NULL DEFAULT '',
  `SoLanClick` int(11) NOT NULL DEFAULT 0
) ENGINE=MyISAM DEFAULT CHARSET=utf8;

--
-- Đang đổ dữ liệu cho bảng `lienket`
--

INSERT INTO `lienket` (`idlk`, `vitri`, `Tieude`, `Url`, `urlHinh`, `SoLanClick`) VALUES
(1, 4, 'Đoàn hội sinh viên', 'chuyen-muc/doan-hoi-sv-26-1.html', 'doanhoisv.png', 0),
(2, 2, 'Cố vấn học tập', 'chuyen-muc/co-van-hoc-tap-27-1.html', 'covanhoctap-1393081369.png', 0),
(3, 3, 'Gương sáng sinh viên', 'chuyen-muc/guong-sang-sv-28-1.html', 'sinhvien.png', 0),
(4, 1, 'Văn bản - Biểu mẫu', 'chuyen-muc/van-ban-bieu-mau-25-1.html', 'vanban1-1425923601-1210423985.png', 0);

-- --------------------------------------------------------

--
-- Cấu trúc bảng cho bảng `sukien`
--

CREATE TABLE `sukien` (
  `idSK` int(11) NOT NULL,
  `MoTa` varchar(50) NOT NULL
) ENGINE=MyISAM DEFAULT CHARSET=utf8;

--
-- Đang đổ dữ liệu cho bảng `sukien`
--

INSERT INTO `sukien` (`idSK`, `MoTa`) VALUES
(0, 'Không có sự kiện'),
(4, 'Du Học');

-- --------------------------------------------------------

--
-- Cấu trúc bảng cho bảng `theloai`
--

CREATE TABLE `theloai` (
  `idTL` int(11) NOT NULL,
  `TenTL` varchar(255) NOT NULL DEFAULT '',
  `TenTL_KhongDau` varchar(255) NOT NULL,
  `ThuTu` int(11) DEFAULT 0,
  `AnHien` tinyint(1) DEFAULT 1
) ENGINE=MyISAM DEFAULT CHARSET=utf8;

--
-- Đang đổ dữ liệu cho bảng `theloai`
--

INSERT INTO `theloai` (`idTL`, `TenTL`, `TenTL_KhongDau`, `ThuTu`, `AnHien`) VALUES
(19, 'Giới thiệu ', 'Gioi-Thieu', 0, 1),
(3, 'Tuyển sinh', 'Tuyen-Sinh', 0, 1),
(32, 'TUEBA JOURNAL', 'Tueba-Journal', 4, 1),
(33, 'INTERNATIONAL COOPERATION', 'International-Cooperation', 5, 1),
(22, 'Chương trình đào tạo', 'Chuong-Trinh-Dao-Tao', 0, 1),
(20, 'Cơ cấu tổ chức', 'Co-Cau-To-Chuc', 0, 1),
(1, 'News', 'News', 0, 1),
(2, 'Thông báo', 'Thong-Bao', 0, 1),
(31, 'RESEARCH', 'Research', 3, 1),
(30, 'ACADEMIC PROGRAMS', 'Academic-Programs', 2, 1),
(29, 'ABOUT TUEBA', 'About-Tueba', 1, 1),
(34, 'STUDENTS', 'Students', 6, 1),
(35, 'CONFERENCE AND SEMINARS', 'Conference-And-Seminars', 0, 1);

-- --------------------------------------------------------

--
-- Cấu trúc bảng cho bảng `thongbao`
--

CREATE TABLE `thongbao` (
  `idQC` int(11) NOT NULL,
  `vitri` int(11) NOT NULL,
  `MoTa` varchar(255) NOT NULL DEFAULT '',
  `Url` varchar(255) NOT NULL DEFAULT '',
  `urlHinh` varchar(255) NOT NULL DEFAULT '',
  `SoLanClick` int(11) NOT NULL DEFAULT 0
) ENGINE=MyISAM DEFAULT CHARSET=utf8;

--
-- Đang đổ dữ liệu cho bảng `thongbao`
--

INSERT INTO `thongbao` (`idQC`, `vitri`, `MoTa`, `Url`, `urlHinh`, `SoLanClick`) VALUES
(4, 4, 'tueba', 'http://tapchi.tueba.edu.vn', 'bannertapchi-1.png', 0),
(5, 5, '', 'http://tueba.edu.vn', 'htqt1-580552241.jpg', 0),
(6, 6, '', 'http://en.tueba.edu.vn', 'htqt2-294763931.jpg', 0);

-- --------------------------------------------------------

--
-- Cấu trúc bảng cho bảng `tueba_users`
--

CREATE TABLE `tueba_users` (
  `iduser` int(11) NOT NULL,
  `hoten` varchar(100) NOT NULL,
  `lmhuser` varchar(100) NOT NULL,
  `lmhpass` varchar(50) NOT NULL,
  `diachi` varchar(100) NOT NULL,
  `email` varchar(50) NOT NULL,
  `dienthoai` varchar(50) NOT NULL,
  `idgroup` int(20) NOT NULL,
  `ngaytao` datetime NOT NULL,
  `lastlogin` datetime NOT NULL,
  `active` int(20) NOT NULL DEFAULT 1
) ENGINE=InnoDB DEFAULT CHARSET=utf8;

--
-- Đang đổ dữ liệu cho bảng `tueba_users`
--

INSERT INTO `tueba_users` (`iduser`, `hoten`, `lmhuser`, `lmhpass`, `diachi`, `email`, `dienthoai`, `idgroup`, `ngaytao`, `lastlogin`, `active`) VALUES
(1, 'Phòng KHCN & HTQT', 'htqt@tueba.edu.vn', '2faaa69bf10c059c20ed73e0b0f35b9c', 'Web Tiếng Anh', 'khcn@tueba.edu.vn', '', 0, '2020-07-30 00:00:00', '2021-04-05 04:00:35', 1),
(2, 'Lê Mạnh Hùng', 'quantri', '2faaa69bf10c059c20ed73e0b0f35b9c', 'Thái Nguyên', 'webmaster@tueba.edu.vn', '0977242423', 1, '2020-09-16 00:00:00', '2021-04-05 04:38:31', 1);

--
-- Chỉ mục cho các bảng đã đổ
--

--
-- Chỉ mục cho bảng `bangslide`
--
ALTER TABLE `bangslide`
  ADD PRIMARY KEY (`idslide`);

--
-- Chỉ mục cho bảng `bangtin`
--
ALTER TABLE `bangtin`
  ADD PRIMARY KEY (`idTin`);

--
-- Chỉ mục cho bảng `lienket`
--
ALTER TABLE `lienket`
  ADD PRIMARY KEY (`idlk`);

--
-- Chỉ mục cho bảng `sukien`
--
ALTER TABLE `sukien`
  ADD PRIMARY KEY (`idSK`);

--
-- Chỉ mục cho bảng `theloai`
--
ALTER TABLE `theloai`
  ADD PRIMARY KEY (`idTL`),
  ADD UNIQUE KEY `TenTL` (`TenTL`);

--
-- Chỉ mục cho bảng `thongbao`
--
ALTER TABLE `thongbao`
  ADD PRIMARY KEY (`idQC`);

--
-- Chỉ mục cho bảng `tueba_users`
--
ALTER TABLE `tueba_users`
  ADD PRIMARY KEY (`iduser`);

--
-- AUTO_INCREMENT cho các bảng đã đổ
--

--
-- AUTO_INCREMENT cho bảng `bangslide`
--
ALTER TABLE `bangslide`
  MODIFY `idslide` int(11) NOT NULL AUTO_INCREMENT, AUTO_INCREMENT=5;

--
-- AUTO_INCREMENT cho bảng `bangtin`
--
ALTER TABLE `bangtin`
  MODIFY `idTin` int(11) NOT NULL AUTO_INCREMENT, AUTO_INCREMENT=100;

--
-- AUTO_INCREMENT cho bảng `lienket`
--
ALTER TABLE `lienket`
  MODIFY `idlk` int(11) NOT NULL AUTO_INCREMENT, AUTO_INCREMENT=7;

--
-- AUTO_INCREMENT cho bảng `sukien`
--
ALTER TABLE `sukien`
  MODIFY `idSK` int(11) NOT NULL AUTO_INCREMENT, AUTO_INCREMENT=5;

--
-- AUTO_INCREMENT cho bảng `theloai`
--
ALTER TABLE `theloai`
  MODIFY `idTL` int(11) NOT NULL AUTO_INCREMENT, AUTO_INCREMENT=36;

--
-- AUTO_INCREMENT cho bảng `thongbao`
--
ALTER TABLE `thongbao`
  MODIFY `idQC` int(11) NOT NULL AUTO_INCREMENT, AUTO_INCREMENT=27;

--
-- AUTO_INCREMENT cho bảng `tueba_users`
--
ALTER TABLE `tueba_users`
  MODIFY `iduser` int(11) NOT NULL AUTO_INCREMENT, AUTO_INCREMENT=3;
COMMIT;

